{"id":646,"date":"2015-04-12T14:43:52","date_gmt":"2015-04-12T14:43:52","guid":{"rendered":"http:\/\/fisicaevestibular.com.br\/novo\/?page_id=646"},"modified":"2024-09-02T17:02:28","modified_gmt":"2024-09-02T17:02:28","slug":"resolucao-comentada-da-unifeso-2015","status":"publish","type":"page","link":"https:\/\/fisicaevestibular.com.br\/novo\/universidades-2015\/exercicios-da-unifeso-2015\/resolucao-comentada-da-unifeso-2015\/","title":{"rendered":"Resolu\u00e7\u00e3o comentada da UNIFESO &#8211; 2015"},"content":{"rendered":"<p align=\"CENTER\"><span style=\"color: #003300;\"><span style=\"font-family: 'Arial Black', serif;\"><span style=\"font-size: large;\"><b>RESOLU\u00c7\u00d5ES<\/b><\/span><\/span><\/span><\/p>\n<p><span style=\"color: #003300;\"><span style=\"font-family: 'Arial Black', serif;\"><span style=\"font-size: large;\"><b>01-<\/b><\/span><\/span><\/span><\/p>\n<p><img fetchpriority=\"high\" decoding=\"async\" src=\"http:\/\/fisicaevestibular.com.br\/novo\/wp-content\/uploads\/universidades-2015\/unifeso\/i_7dce445a4c643c51_html_5a549411.png\" alt=\"\" width=\"765\" height=\"106\" name=\"Imagem 74\" align=\"BOTTOM\" border=\"0\" \/><\/p>\n<p><span style=\"color: #003300;\"><span style=\"font-family: 'Arial Black', serif;\"><span style=\"font-size: large;\"><b>02- <\/b><\/span><\/span><\/span><span style=\"color: #003300;\"><span style=\"font-family: Arial, serif;\"><span style=\"font-size: medium;\"><b>Observe na <\/b><\/span><\/span><\/span><span style=\"color: #c00000;\"><span style=\"font-family: Arial, serif;\"><span style=\"font-size: medium;\"><b>figura abaixo<\/b><\/span><\/span><\/span><span style=\"color: #003300;\"><span style=\"font-family: Arial, serif;\"><span style=\"font-size: medium;\"><b> que, pelo <\/b><\/span><\/span><\/span><span style=\"color: #c00000;\"><span style=\"font-family: Arial, serif;\"><span style=\"font-size: medium;\"><b>princ\u00edpio da reversibilidade<\/b><\/span><\/span><\/span><span style=\"color: #003300;\"><span style=\"font-family: Arial, serif;\"><span style=\"font-size: medium;\"><b> (caminho inverso igual), se os <\/b><\/span><\/span><\/span><span style=\"color: #c00000;\"><span style=\"font-family: Arial, serif;\"><span style=\"font-size: medium;\"><b>raios de luz incidirem da direita para a esquerda paralelamente ao eixo principal<\/b><\/span><\/span><\/span><span style=\"color: #003300;\"><span style=\"font-family: Arial, serif;\"><span style=\"font-size: medium;\"><b> eles se refratar\u00e3o<\/b><\/span><\/span><\/span><\/p>\n<p align=\"CENTER\"><img decoding=\"async\" src=\"http:\/\/fisicaevestibular.com.br\/novo\/wp-content\/uploads\/universidades-2015\/unifeso\/i_7dce445a4c643c51_html_480a6d90.png\" alt=\"\" width=\"379\" height=\"226\" name=\"graphics11\" align=\"BOTTOM\" border=\"0\" \/><\/p>\n<p><span style=\"color: #c00000;\"><span style=\"font-family: Arial, serif;\"><span style=\"font-size: medium;\"><b>divergindo<\/b><\/span><\/span><\/span><span style=\"color: #003300;\"><span style=\"font-family: Arial, serif;\"><span style=\"font-size: medium;\"><b> de modo que os <\/b><\/span><\/span><\/span><span style=\"color: #c00000;\"><span style=\"font-family: Arial, serif;\"><span style=\"font-size: medium;\"><b>prolongamentos dos raios refratados devem passar pelo foco da lente L<\/b><\/span><\/span><\/span><span style=\"color: #c00000;\"><sub><span style=\"font-family: Arial, serif;\"><span style=\"font-size: medium;\"><b>1<\/b><\/span><\/span><\/sub><\/span><span style=\"color: #c00000;\"><span style=\"font-family: Arial, serif;\"><span style=\"font-size: medium;\"><b>, que \u00e9 de f<\/b><\/span><\/span><\/span><span style=\"color: #c00000;\"><sub><span style=\"font-family: Arial, serif;\"><span style=\"font-size: medium;\"><b>1<\/b><\/span><\/span><\/sub><\/span><span style=\"color: #c00000;\"><span style=\"font-family: Arial, serif;\"><span style=\"font-size: medium;\"><b> = 10cm.<\/b><\/span><\/span><\/span><\/p>\n<p><span style=\"color: #ff0000;\"><span style=\"font-family: Arial, serif;\"><span style=\"font-size: medium;\"><b>R- B<\/b><\/span><\/span><\/span><\/p>\n<p><span style=\"color: #003300;\"><span style=\"font-family: 'Arial Black', serif;\"><span style=\"font-size: large;\"><b>03- <\/b><\/span><\/span><\/span><span style=\"color: #003300;\"><span style=\"font-family: Arial, serif;\"><span style=\"font-size: medium;\"><b>C\u00e1lculo da <\/b><\/span><\/span><\/span><span style=\"color: #c00000;\"><span style=\"font-family: Arial, serif;\"><span style=\"font-size: medium;\"><b>resist\u00eancia equivalente e da fem do geradorcom a chave C aberta:<\/b><\/span><\/span><\/span><\/p>\n<p align=\"CENTER\"><img decoding=\"async\" src=\"http:\/\/fisicaevestibular.com.br\/novo\/wp-content\/uploads\/universidades-2015\/unifeso\/i_7dce445a4c643c51_html_m2ce0585c.png\" alt=\"\" width=\"639\" height=\"223\" name=\"graphics12\" align=\"BOTTOM\" border=\"0\" \/><\/p>\n<p><span style=\"color: #003300;\"><span style=\"font-family: Arial, serif;\"><span style=\"font-size: medium;\"><b>Essa fem \u03b5 = 15R \u00e9 <\/b><\/span><\/span><\/span><span style=\"color: #c00000;\"><span style=\"font-family: Arial, serif;\"><span style=\"font-size: medium;\"><b>constante<\/b><\/span><\/span><\/span><span style=\"color: #003300;\"><span style=\"font-family: Arial, serif;\"><span style=\"font-size: medium;\"><b>, pois o gerador \u00e9 o mesmo:<\/b><\/span><\/span><\/span><\/p>\n<p><span style=\"color: #003300;\"><span style=\"font-family: Arial, serif;\"><span style=\"font-size: medium;\"><b>A <\/b><\/span><\/span><\/span><span style=\"color: #c00000;\"><span style=\"font-family: Arial, serif;\"><span style=\"font-size: medium;\"><b>sequ\u00eancia <\/b><\/span><\/span><\/span><span style=\"color: #003300;\"><span style=\"font-family: Arial, serif;\"><span style=\"font-size: medium;\"><b>de figuras abaixo mostra o <\/b><\/span><\/span><\/span><span style=\"color: #c00000;\"><span style=\"font-family: Arial, serif;\"><span style=\"font-size: medium;\"><b>c\u00e1lculo da resist\u00eancia do resistor equivalente<\/b><\/span><\/span><\/span><span style=\"color: #003300;\"><span style=\"font-family: Arial, serif;\"><span style=\"font-size: medium;\"><b> com a chave <\/b><\/span><\/span><\/span><span style=\"color: #c00000;\"><span style=\"font-family: Arial, serif;\"><span style=\"font-size: medium;\"><b>C fechada<\/b><\/span><\/span><\/span><span style=\"color: #003300;\"><span style=\"font-family: Arial, serif;\"><span style=\"font-size: medium;\"><b> e retirando o amper\u00edmetro ideal (resist\u00eancia interna nula):<\/b><\/span><\/span><\/span><\/p>\n<p><img loading=\"lazy\" decoding=\"async\" src=\"http:\/\/fisicaevestibular.com.br\/novo\/wp-content\/uploads\/universidades-2015\/unifeso\/i_7dce445a4c643c51_html_m2058a0e1.png\" alt=\"\" width=\"765\" height=\"168\" name=\"graphics13\" align=\"BOTTOM\" border=\"0\" \/><\/p>\n<p><img loading=\"lazy\" decoding=\"async\" src=\"http:\/\/fisicaevestibular.com.br\/novo\/wp-content\/uploads\/universidades-2015\/unifeso\/i_7dce445a4c643c51_html_m3046fe55.png\" alt=\"\" width=\"562\" height=\"190\" name=\"graphics14\" align=\"BOTTOM\" border=\"0\" \/><\/p>\n<p><span style=\"color: #003300;\"><span style=\"font-family: Arial, serif;\"><span style=\"font-size: medium;\"><b>Observe <\/b><\/span><\/span><\/span><span style=\"color: #c00000;\"><span style=\"font-family: Arial, serif;\"><span style=\"font-size: medium;\"><b>atentamente na figura abaixo<\/b><\/span><\/span><\/span><span style=\"color: #003300;\"><span style=\"font-family: Arial, serif;\"><span style=\"font-size: medium;\"><b> que a corrente el\u00e9trica <\/b><\/span><\/span><\/span><span style=\"color: #c00000;\"><span style=\"font-family: Arial, serif;\"><span style=\"font-size: medium;\"><b>indicada pelo amper\u00edmetro \u00e9 i<\/b><\/span><\/span><\/span><span style=\"color: #c00000;\"><sub><span style=\"font-family: Arial, serif;\"><span style=\"font-size: medium;\"><b>A<\/b><\/span><\/span><\/sub><\/span><span style=\"color: #c00000;\"><span style=\"font-family: Arial, serif;\"><span style=\"font-size: medium;\"><b> = 3 A.<\/b><\/span><\/span><\/span><\/p>\n<p align=\"CENTER\"><img loading=\"lazy\" decoding=\"async\" src=\"http:\/\/fisicaevestibular.com.br\/novo\/wp-content\/uploads\/universidades-2015\/unifeso\/i_7dce445a4c643c51_html_7fb028cf.png\" alt=\"\" width=\"188\" height=\"153\" name=\"graphics15\" align=\"BOTTOM\" border=\"0\" \/><\/p>\n<p><span style=\"color: #ff0000;\"><span style=\"font-family: Arial, serif;\"><span style=\"font-size: medium;\"><b>R- E<\/b><\/span><\/span><\/span><\/p>\n<p><span style=\"color: #003300;\"><span style=\"font-family: 'Arial Black', serif;\"><span style=\"font-size: large;\"><b>04- <\/b><\/span><\/span><\/span><span style=\"color: #003300;\"><span style=\"font-family: Arial, serif;\"><span style=\"font-size: medium;\"><b>Com <\/b><\/span><\/span><\/span><span style=\"color: #c00000;\"><span style=\"font-family: Arial, serif;\"><span style=\"font-size: medium;\"><b>velocidade de 3cm\/s, em 2s o ponto P do pulso percorreu 2&#215;3=6cm<\/b><\/span><\/span><\/span><span style=\"color: #003300;\"><span style=\"font-family: Arial, serif;\"><span style=\"font-size: medium;\"><b> e estar\u00e1 na <\/b><\/span><\/span><\/span><span style=\"color: #c00000;\"><span style=\"font-family: Arial, serif;\"><span style=\"font-size: medium;\"><b>posi\u00e7\u00e3o <\/b><\/span><\/span><\/span><span style=\"color: #003300;\"><span style=\"font-family: Arial, serif;\"><span style=\"font-size: medium;\"><b>indicada a fnigura abaixo:<\/b><\/span><\/span><\/span><\/p>\n<p><img loading=\"lazy\" decoding=\"async\" src=\"http:\/\/fisicaevestibular.com.br\/novo\/wp-content\/uploads\/universidades-2015\/unifeso\/i_7dce445a4c643c51_html_m7524151d.png\" alt=\"\" width=\"766\" height=\"157\" name=\"graphics16\" align=\"BOTTOM\" border=\"0\" \/><\/p>\n<p><span style=\"color: #ff0000;\"><span style=\"font-family: Arial, serif;\"><span style=\"font-size: medium;\"><b>R- D<\/b><\/span><\/span><\/span><\/p>\n<p><span style=\"color: #003300;\"><span style=\"font-family: 'Arial Black', serif;\"><span style=\"font-size: large;\">05-<\/span><\/span><\/span><span style=\"font-family: Arial, serif;\"><span style=\"font-size: medium;\"><b> Devido ao <\/b><\/span><\/span><span style=\"color: #c00000;\"><span style=\"font-family: Arial, serif;\"><span style=\"font-size: medium;\"><b>teorema de Stevin, P=d<\/b><\/span><\/span><\/span><span style=\"color: #c00000;\"><sub><span style=\"font-family: Arial, serif;\"><span style=\"font-size: medium;\"><b>l\u00edquido<\/b><\/span><\/span><\/sub><\/span><span style=\"color: #c00000;\"><span style=\"font-family: Arial, serif;\"><span style=\"font-size: medium;\"><b>.g.h<\/b><\/span><\/span><\/span><span style=\"font-family: Arial, serif;\"><span style=\"font-size: medium;\"><b>, para um mesmo l\u00edquido, <\/b><\/span><\/span><span style=\"color: #c00000;\"><span style=\"font-family: Arial, serif;\"><span style=\"font-size: medium;\"><b>quanto maior a profundidade,maior ser\u00e1 a press\u00e3o<\/b><\/span><\/span><\/span><span style=\"font-family: Arial, serif;\"><span style=\"font-size: medium;\"><b>. Observe na figura abaixo, onde a esfera est\u00e1 imersa, que as <\/b><\/span><\/span><span style=\"color: #c00000;\"><span style=\"font-family: Arial, serif;\"><span style=\"font-size: medium;\"><b>for\u00e7as exercidas<\/b><\/span><\/span><\/span><\/p>\n<p align=\"CENTER\"><img loading=\"lazy\" decoding=\"async\" src=\"http:\/\/fisicaevestibular.com.br\/novo\/wp-content\/uploads\/universidades-2015\/unifeso\/i_7dce445a4c643c51_html_m7ebf7ef4.jpg\" alt=\"\" width=\"149\" height=\"153\" name=\"graphics17\" align=\"BOTTOM\" border=\"0\" \/><\/p>\n<p>\u00a0<span style=\"color: #c00000;\"><span style=\"font-family: Arial, serif;\"><span style=\"font-size: medium;\"><b>pelo l\u00edquido sobre ela s\u00e3o maiores nas \u00e1reas inferiores (onde h \u00e9 maior) que nas superiores (onde h\u00e9 menor).<\/b><\/span><\/span><\/span><span style=\"font-family: Arial, serif;\"><span style=\"font-size: medium;\"><b> A <\/b><\/span><\/span><span style=\"color: #c00000;\"><span style=\"font-family: Arial, serif;\"><span style=\"font-size: medium;\"><b>for\u00e7a resultante de todas essas for\u00e7as est\u00e1 dirigida para cima<\/b><\/span><\/span><\/span><span style=\"font-family: Arial, serif;\"><span style=\"font-size: medium;\"><b>, e corresponde ao <\/b><\/span><\/span><span style=\"color: #c00000;\"><span style=\"font-family: Arial, serif;\"><span style=\"font-size: medium;\"><b>empuxo <\/b><\/span><\/span><\/span><span style=\"font-family: Arial, serif;\"><span style=\"font-size: medium;\"><b>que age sobre essa esfera. Nas <\/b><\/span><\/span><span style=\"color: #c00000;\"><span style=\"font-family: Arial, serif;\"><span style=\"font-size: medium;\"><b>laterais essas for\u00e7as se anulam,<\/b><\/span><\/span><\/span><\/p>\n<p><span style=\"color: #ff0000;\"><span style=\"font-family: Arial, serif;\"><span style=\"font-size: medium;\"><b>R- E<\/b><\/span><\/span><\/span><\/p>\n<p><span style=\"color: #003300;\"><span style=\"font-family: 'Arial Black', serif;\"><span style=\"font-size: large;\">06- <img loading=\"lazy\" decoding=\"async\" src=\"http:\/\/fisicaevestibular.com.br\/novo\/wp-content\/uploads\/universidades-2015\/unifeso\/i_7dce445a4c643c51_html_m15de27c9.png\" alt=\"\" width=\"765\" height=\"164\" name=\"graphics18\" align=\"BOTTOM\" border=\"0\" \/><\/span><\/span><\/span><span style=\"color: #c00000;\"><span style=\"font-family: Arial, serif;\"><span style=\"font-size: medium;\"><b>For\u00e7as<\/b><\/span><\/span><\/span><span style=\"color: #003300;\"><span style=\"font-family: Arial, serif;\"><span style=\"font-size: medium;\"><b> que agem sobre o <\/b><\/span><\/span><\/span><span style=\"color: #c00000;\"><span style=\"font-family: Arial, serif;\"><span style=\"font-size: medium;\"><b>sistema em equil\u00edbrio:<\/b><\/span><\/span><\/span><\/p>\n<p align=\"CENTER\"><img loading=\"lazy\" decoding=\"async\" src=\"http:\/\/fisicaevestibular.com.br\/novo\/wp-content\/uploads\/universidades-2015\/unifeso\/i_7dce445a4c643c51_html_18ae4d80.png\" alt=\"\" width=\"371\" height=\"183\" name=\"graphics19\" align=\"BOTTOM\" border=\"0\" \/><\/p>\n<p><span style=\"color: #003300;\"><span style=\"font-family: Arial, serif;\"><span style=\"font-size: medium;\"><b>Observe que <\/b><\/span><\/span><\/span><span style=\"color: #c00000;\"><span style=\"font-family: Arial, serif;\"><span style=\"font-size: medium;\"><b>as for\u00e7as que o bloco A troca com o plano inclinado s\u00e3o F<\/b><\/span><\/span><\/span><span style=\"color: #c00000;\"><sub><span style=\"font-family: Arial, serif;\"><span style=\"font-size: medium;\"><b>at<\/b><\/span><\/span><\/sub><\/span><span style=\"color: #c00000;\"><span style=\"font-family: Arial, serif;\"><span style=\"font-size: medium;\"><b> = 5N e P<\/b><\/span><\/span><\/span><span style=\"color: #c00000;\"><sub><span style=\"font-family: Arial, serif;\"><span style=\"font-size: medium;\"><b>N<\/b><\/span><\/span><\/sub><\/span><span style=\"color: #c00000;\"><span style=\"font-family: Arial, serif;\"><span style=\"font-size: medium;\"><b> = 12 N.<\/b><\/span><\/span><\/span><\/p>\n<p><img loading=\"lazy\" decoding=\"async\" src=\"http:\/\/fisicaevestibular.com.br\/novo\/wp-content\/uploads\/universidades-2015\/unifeso\/i_7dce445a4c643c51_html_m70249207.png\" alt=\"\" width=\"765\" height=\"194\" name=\"graphics20\" align=\"BOTTOM\" border=\"0\" \/><\/p>\n<p><span style=\"color: #003300;\"><span style=\"font-family: 'Arial Black', serif;\"><span style=\"font-size: large;\">O7- <\/span><\/span><\/span><span style=\"color: #003300;\"><span style=\"font-family: Arial, serif;\"><span style=\"font-size: medium;\"><b>Sendo que <\/b><\/span><\/span><\/span><span style=\"color: #c00000;\"><span style=\"font-family: Arial, serif;\"><span style=\"font-size: medium;\"><b>n\u00e3o existe atrito<\/b><\/span><\/span><\/span><span style=\"color: #003300;\"><span style=\"font-family: Arial, serif;\"><span style=\"font-size: medium;\"><b>, na parte <\/b><\/span><\/span><\/span><span style=\"color: #c00000;\"><span style=\"font-family: Arial, serif;\"><span style=\"font-size: medium;\"><b>superior <\/b><\/span><\/span><\/span><span style=\"color: #003300;\"><span style=\"font-family: Arial, serif;\"><span style=\"font-size: medium;\"><b>da haste a <\/b><\/span><\/span><\/span><span style=\"color: #c00000;\"><span style=\"font-family: Arial, serif;\"><span style=\"font-size: medium;\"><b>\u00fanica for\u00e7a existente \u00e9 a normal N que \u00e9 afor\u00e7a pedida F, ou seja,<\/b><\/span><\/span><\/span><span style=\"color: #003300;\"><span style=\"font-family: Arial, serif;\"><span style=\"font-size: medium;\"><b> N = F.<\/b><\/span><\/span><\/span><\/p>\n<p><span style=\"color: #003300;\"><span style=\"font-family: Arial, serif;\"><span style=\"font-size: medium;\"><b>O <\/b><\/span><\/span><\/span><span style=\"color: #c00000;\"><span style=\"font-family: Arial, serif;\"><span style=\"font-size: medium;\"><b>peso P = mg est\u00e1 no centro geom\u00e9trico<\/b><\/span><\/span><\/span><span style=\"color: #003300;\"><span style=\"font-family: Arial, serif;\"><span style=\"font-size: medium;\"><b> da haste, pois a mesma \u00e9 <\/b><\/span><\/span><\/span><span style=\"color: #c00000;\"><span style=\"font-family: Arial, serif;\"><span style=\"font-size: medium;\"><b>homog\u00eanea <\/b><\/span><\/span><\/span><span style=\"color: #003300;\"><span style=\"font-family: Arial, serif;\"><span style=\"font-size: medium;\"><b>e, na <\/b><\/span><\/span><\/span><span style=\"color: #c00000;\"><span style=\"font-family: Arial, serif;\"><span style=\"font-size: medium;\"><b>parte inferior<\/b><\/span><\/span><\/span><\/p>\n<p align=\"CENTER\"><img loading=\"lazy\" decoding=\"async\" src=\"http:\/\/fisicaevestibular.com.br\/novo\/wp-content\/uploads\/universidades-2015\/unifeso\/i_7dce445a4c643c51_html_61d311a1.png\" alt=\"\" width=\"231\" height=\"181\" name=\"Imagem 20\" align=\"BOTTOM\" border=\"0\" \/><\/p>\n<p><span style=\"color: #c00000;\"><span style=\"font-family: Arial, serif;\"><span style=\"font-size: medium;\"><b>existem as duas componentes N<\/b><\/span><\/span><\/span><span style=\"color: #c00000;\"><sub><span style=\"font-family: Arial, serif;\"><span style=\"font-size: medium;\"><b>v<\/b><\/span><\/span><\/sub><\/span><span style=\"color: #c00000;\"><span style=\"font-family: Arial, serif;\"><span style=\"font-size: medium;\"><b> e N<\/b><\/span><\/span><\/span><span style=\"color: #c00000;\"><sub><span style=\"font-family: Arial, serif;\"><span style=\"font-size: medium;\"><b>h<\/b><\/span><\/span><\/sub><\/span><span style=\"color: #c00000;\"><span style=\"font-family: Arial, serif;\"><span style=\"font-size: medium;\"><b>.<\/b><\/span><\/span><\/span><\/p>\n<p><span style=\"color: #003300;\"><span style=\"font-family: Arial, serif;\"><span style=\"font-size: medium;\"><b>Colocando o <\/b><\/span><\/span><\/span><span style=\"color: #c00000;\"><span style=\"font-family: Arial, serif;\"><span style=\"font-size: medium;\"><b>polo 0<\/b><\/span><\/span><\/span><span style=\"color: #003300;\"><span style=\"font-family: Arial, serif;\"><span style=\"font-size: medium;\"><b> (eixo de rota\u00e7\u00e3o) na <\/b><\/span><\/span><\/span><span style=\"color: #c00000;\"><span style=\"font-family: Arial, serif;\"><span style=\"font-size: medium;\"><b>parte inferior esquerda da haste<\/b><\/span><\/span><\/span><span style=\"color: #003300;\"><span style=\"font-family: Arial, serif;\"><span style=\"font-size: medium;\"><b>, vamos calcular o <\/b><\/span><\/span><\/span><span style=\"color: #c00000;\"><span style=\"font-family: Arial, serif;\"><span style=\"font-size: medium;\"><b>momento de cada for\u00e7a em rela\u00e7\u00e3o a ele<\/b><\/span><\/span><\/span><span style=\"color: #003300;\"><span style=\"font-family: Arial, serif;\"><span style=\"font-size: medium;\"><b>, estabelecendo o <\/b><\/span><\/span><\/span><span style=\"color: #c00000;\"><span style=\"font-family: Arial, serif;\"><span style=\"font-size: medium;\"><b>sentido hor\u00e1rio de rota\u00e7\u00e3o como positivo:<\/b><\/span><\/span><\/span><\/p>\n<p align=\"CENTER\"><img loading=\"lazy\" decoding=\"async\" src=\"http:\/\/fisicaevestibular.com.br\/novo\/wp-content\/uploads\/universidades-2015\/unifeso\/i_7dce445a4c643c51_html_4130a0e4.png\" alt=\"\" width=\"326\" height=\"202\" name=\"Imagem 23\" align=\"BOTTOM\" border=\"0\" \/><\/p>\n<p align=\"CENTER\"><img loading=\"lazy\" decoding=\"async\" src=\"http:\/\/fisicaevestibular.com.br\/novo\/wp-content\/uploads\/universidades-2015\/unifeso\/i_7dce445a4c643c51_html_m5733957.png\" alt=\"\" width=\"765\" height=\"71\" name=\"Imagem 47\" align=\"BOTTOM\" border=\"0\" \/><\/p>\n<p><span style=\"color: #003300;\"><span style=\"font-family: 'Arial Black', serif;\"><span style=\"font-size: large;\">08-<\/span><\/span><\/span><\/p>\n<p><img loading=\"lazy\" decoding=\"async\" src=\"http:\/\/fisicaevestibular.com.br\/novo\/wp-content\/uploads\/universidades-2015\/unifeso\/i_7dce445a4c643c51_html_2b54553f.png\" alt=\"\" width=\"765\" height=\"159\" name=\"Imagem 44\" align=\"BOTTOM\" border=\"0\" \/><\/p>\n<p>&nbsp;<\/p>\n<h3><a title=\"Exerc\u00edcios da UNIFESO \u2013 2015\" href=\"http:\/\/fisicaevestibular.com.br\/novo\/universidades-2015\/exercicios-da-unifeso-2015\/\"><span style=\"color: #000080;\">Voltar para os Exerc\u00edcios<\/span><\/a><\/h3>\n<h3><a title=\"Exerc\u00edcios da UNIFESO \u2013 2015\" href=\"http:\/\/fisicaevestibular.com.br\/novo\/universidades-2015\/exercicios-da-unifeso-2015\/\"><span style=\"color: #000080;\">\u00a0<\/span><\/a><\/h3>\n","protected":false},"excerpt":{"rendered":"<p>RESOLU\u00c7\u00d5ES 01- 02- Observe na figura abaixo que, pelo princ\u00edpio da reversibilidade (caminho inverso igual), se os raios de luz incidirem da direita para a esquerda paralelamente ao eixo principal eles se refratar\u00e3o divergindo de modo que os prolongamentos dos raios refratados devem passar pelo foco da lente L1, que \u00e9 de f1 = 10cm. R- B 03- C\u00e1lculo da<\/p>\n","protected":false},"author":1,"featured_media":0,"parent":644,"menu_order":0,"comment_status":"closed","ping_status":"closed","template":"","meta":{"om_disable_all_campaigns":false,"_monsterinsights_skip_tracking":false,"_monsterinsights_sitenote_active":false,"_monsterinsights_sitenote_note":"","_monsterinsights_sitenote_category":0,"footnotes":""},"class_list":["post-646","page","type-page","status-publish","hentry"],"aioseo_notices":[],"_links":{"self":[{"href":"https:\/\/fisicaevestibular.com.br\/novo\/wp-json\/wp\/v2\/pages\/646","targetHints":{"allow":["GET"]}}],"collection":[{"href":"https:\/\/fisicaevestibular.com.br\/novo\/wp-json\/wp\/v2\/pages"}],"about":[{"href":"https:\/\/fisicaevestibular.com.br\/novo\/wp-json\/wp\/v2\/types\/page"}],"author":[{"embeddable":true,"href":"https:\/\/fisicaevestibular.com.br\/novo\/wp-json\/wp\/v2\/users\/1"}],"replies":[{"embeddable":true,"href":"https:\/\/fisicaevestibular.com.br\/novo\/wp-json\/wp\/v2\/comments?post=646"}],"version-history":[{"count":2,"href":"https:\/\/fisicaevestibular.com.br\/novo\/wp-json\/wp\/v2\/pages\/646\/revisions"}],"predecessor-version":[{"id":648,"href":"https:\/\/fisicaevestibular.com.br\/novo\/wp-json\/wp\/v2\/pages\/646\/revisions\/648"}],"up":[{"embeddable":true,"href":"https:\/\/fisicaevestibular.com.br\/novo\/wp-json\/wp\/v2\/pages\/644"}],"wp:attachment":[{"href":"https:\/\/fisicaevestibular.com.br\/novo\/wp-json\/wp\/v2\/media?parent=646"}],"curies":[{"name":"wp","href":"https:\/\/api.w.org\/{rel}","templated":true}]}}