{"id":4315,"date":"2019-01-24T01:57:43","date_gmt":"2019-01-24T01:57:43","guid":{"rendered":"http:\/\/fisicaevestibular.com.br\/novo\/?page_id=4315"},"modified":"2024-08-22T14:39:52","modified_gmt":"2024-08-22T14:39:52","slug":"optica-geometrica-leis-da-refracao","status":"publish","type":"page","link":"https:\/\/fisicaevestibular.com.br\/novo\/formulario\/optica-geometrica-leis-da-refracao\/","title":{"rendered":"\u00d3ptica geom\u00e9trica &#8211; Leis da Refra\u00e7\u00e3o"},"content":{"rendered":"<p align=\"CENTER\"><span style=\"color: #0000cc;\"><span style=\"font-family: Arial Black, serif;\"><span style=\"font-size: large;\"><b>Formul\u00e1rio completo de F\u00edsica com informa\u00e7\u00f5es \u00fateis <\/b><\/span><\/span><\/span><\/p>\n<p align=\"CENTER\"><span style=\"color: #c00000;\"><span style=\"font-family: Arial Black, serif;\"><span style=\"font-size: large;\"><b>(Dicas para vestibulares)<\/b><\/span><\/span><\/span><\/p>\n<p align=\"CENTER\"><span style=\"color: #c00000;\"><span style=\"font-family: Viner Hand ITC, serif;\"><span style=\"font-size: x-large;\"><b>\u00d3ptica geom\u00e9trica<\/b><\/span><\/span><\/span><\/p>\n<p align=\"CENTER\"><span style=\"color: #0000cc;\"><span style=\"font-family: Arial Black, serif;\"><span style=\"font-size: large;\">Leis da Refra\u00e7\u00e3o<\/span><\/span><\/span><\/p>\n<p align=\"CENTER\"><span style=\"color: #c00000;\"><span style=\"font-family: Arial Black, serif;\"><span style=\"font-size: large;\">Primeira lei da refra\u00e7\u00e3o<\/span><\/span><\/span><\/p>\n<p align=\"CENTER\"><img fetchpriority=\"high\" decoding=\"async\" src=\"http:\/\/fisicaevestibular.com.br\/novo\/wp-content\/uploads\/migracao\/formulario\/optica07\/0410426001548294876_optica07_html_6168025f.png\" width=\"777\" height=\"233\" align=\"BOTTOM\" border=\"0\" \/><\/p>\n<p align=\"CENTER\"><span style=\"font-family: Times New Roman, serif;\"><span style=\"font-size: medium;\"><span style=\"color: #c00000;\"><span style=\"font-family: Arial Black, serif;\"><span style=\"font-size: large;\"><b>Segunda lei da refra\u00e7\u00e3o (Lei de Snell-Descartes)<\/b><\/span><\/span><\/span><\/span><\/span><\/p>\n<p align=\"CENTER\"><img decoding=\"async\" src=\"http:\/\/fisicaevestibular.com.br\/novo\/wp-content\/uploads\/migracao\/formulario\/optica07\/0410426001548294876_optica07_html_m468237ef.png\" width=\"770\" height=\"371\" align=\"BOTTOM\" border=\"0\" \/><\/p>\n<p align=\"CENTER\"><span style=\"color: #c00000;\"><span style=\"font-family: Arial Black, serif;\"><span style=\"font-size: large;\"><b>Propriedade importante<\/b><\/span><\/span><\/span><\/p>\n<p align=\"CENTER\"><img decoding=\"async\" src=\"http:\/\/fisicaevestibular.com.br\/novo\/wp-content\/uploads\/migracao\/formulario\/optica07\/0410426001548294876_optica07_html_m65575002.png\" width=\"773\" height=\"274\" align=\"BOTTOM\" border=\"0\" \/><\/p>\n<p align=\"CENTER\"><span style=\"color: #c00000;\"><span style=\"font-family: Arial Black, serif;\"><span style=\"font-size: large;\"><b>Informa\u00e7\u00f5es \u00fateis <\/b><\/span><\/span><\/span><span style=\"color: #0000cc;\"><span style=\"font-family: Arial Black, serif;\"><span style=\"font-size: large;\"><b>(dicas para vestibulares)<\/b><\/span><\/span><\/span><\/p>\n<p><img loading=\"lazy\" decoding=\"async\" src=\"http:\/\/fisicaevestibular.com.br\/novo\/wp-content\/uploads\/migracao\/formulario\/optica07\/0410426001548294876_optica07_html_m740d0bd0.png\" width=\"46\" height=\"23\" align=\"BOTTOM\" border=\"0\" \/><\/p>\n<p align=\"CENTER\"><span style=\"color: #c00000;\"><span style=\"font-family: Arial Black, serif;\"><span style=\"font-size: medium;\"><b>Refra\u00e7\u00e3o atmosf\u00e9rica<\/b><\/span><\/span><\/span><\/p>\n<p><span style=\"color: #c00000;\"><span style=\"font-family: Arial, serif;\"><span style=\"font-size: medium;\"><b>Como\u00a0<\/b><\/span><\/span><\/span><span style=\"color: #0000cc;\"><span style=\"font-family: Arial, serif;\"><span style=\"font-size: medium;\"><b>a <\/b><\/span><\/span><\/span><span style=\"color: #0000cc;\"><span style=\"font-family: Arial Black, serif;\"><span style=\"font-size: medium;\"><b>atmosfera \u00e9 mais densa nas camadas inferiores<\/b><\/span><\/span><\/span><span style=\"color: #0000cc;\"><span style=\"font-family: Arial, serif;\"><span style=\"font-size: medium;\"><b>,\u00a0<\/b><\/span><\/span><\/span><span style=\"color: #c00000;\"><span style=\"font-family: Arial, serif;\"><span style=\"font-size: medium;\"><b>nelas o\u00a0<\/b><\/span><\/span><\/span><span style=\"color: #0000cc;\"><span style=\"font-family: Arial Black, serif;\"><span style=\"font-size: medium;\"><b>\u00edndice de refra\u00e7\u00e3o <\/b><\/span><\/span><\/span><span style=\"color: #0000cc;\"><span style=\"font-family: Arial, serif;\"><span style=\"font-size: medium;\"><b>\u00e9 <\/b><\/span><\/span><\/span><span style=\"color: #0000cc;\"><span style=\"font-family: Arial Black, serif;\"><span style=\"font-size: medium;\"><b>maior\u00a0<\/b><\/span><\/span><\/span><span style=\"color: #c00000;\"><span style=\"font-family: Arial Black, serif;\"><span style=\"font-size: medium;\"><b>que nas\u00a0<\/b><\/span><\/span><\/span><span style=\"color: #0000cc;\"><span style=\"font-family: Arial Black, serif;\"><span style=\"font-size: medium;\"><b>camadas superiores.<\/b><\/span><\/span><\/span><\/p>\n<p><span style=\"color: #c00000;\"><span style=\"font-family: Arial, serif;\"><span style=\"font-size: medium;\"><b>Como\u00a0<\/b><\/span><\/span><\/span><span style=\"color: #0000cc;\"><span style=\"font-family: Arial, serif;\"><span style=\"font-size: medium;\"><b>consequ\u00eancia<\/b><\/span><\/span><\/span><span style=\"color: #c00000;\"><span style=\"font-family: Arial, serif;\"><span style=\"font-size: medium;\"><b>, a\u00a0<\/b><\/span><\/span><\/span><span style=\"color: #0000cc;\"><span style=\"font-family: Arial, serif;\"><span style=\"font-size: medium;\"><b>luz proveniente de um astro,\u00a0<\/b><\/span><\/span><\/span><span style=\"color: #c00000;\"><span style=\"font-family: Arial, serif;\"><span style=\"font-size: medium;\"><b>como por exemplo<\/b><\/span><\/span><\/span><span style=\"color: #0000cc;\"><span style=\"font-family: Arial, serif;\"><span style=\"font-size: medium;\"><b>, o Sol<\/b><\/span><\/span><\/span><span style=\"color: #c00000;\"><span style=\"font-family: Arial, serif;\"><span style=\"font-size: medium;\"><b>,\u00a0<\/b><\/span><\/span><\/span><span style=\"color: #0000cc;\"><span style=\"font-family: Arial, serif;\"><span style=\"font-size: medium;\"><b>sofre desvio\u00a0<\/b><\/span><\/span><\/span><span style=\"color: #c00000;\"><span style=\"font-family: Arial, serif;\"><span style=\"font-size: medium;\"><b>se<\/b><\/span><\/span><\/span><\/p>\n<p><img loading=\"lazy\" decoding=\"async\" src=\"http:\/\/fisicaevestibular.com.br\/novo\/wp-content\/uploads\/migracao\/formulario\/optica07\/0410426001548294876_optica07_html_m6064d88f.png\" width=\"765\" height=\"262\" align=\"BOTTOM\" border=\"0\" \/><\/p>\n<p><span style=\"color: #0000cc;\"><span style=\"font-family: Arial Black, serif;\"><span style=\"font-size: medium;\"><b>aproximando da normal at\u00e9 atingir os olhos do observador que tem a impress\u00e3o de que ele est\u00e1 acima de sua posi\u00e7\u00e3o real.<\/b><\/span><\/span><\/span><\/p>\n<p><span style=\"color: #c00000;\"><span style=\"font-family: Arial, serif;\"><span style=\"font-size: medium;\"><b>Pelo\u00a0<\/b><\/span><\/span><\/span><span style=\"color: #0000cc;\"><span style=\"font-family: Arial Black, serif;\"><span style=\"font-size: medium;\"><b>mesmo motivo<\/b><\/span><\/span><\/span><span style=\"color: #c00000;\"><span style=\"font-family: Arial, serif;\"><span style=\"font-size: medium;\"><b>, devido \u00e0\u00a0<\/b><\/span><\/span><\/span><span style=\"color: #0000cc;\"><span style=\"font-family: Arial Black, serif;\"><span style=\"font-size: medium;\"><b>varia\u00e7\u00e3o da densidade do ar com a temperatura<\/b><\/span><\/span><\/span><span style=\"color: #0000cc;\"><span style=\"font-family: Arial, serif;\"><span style=\"font-size: medium;\"><b>,<\/b><\/span><\/span><\/span><span style=\"color: #c00000;\"><span style=\"font-family: Arial, serif;\"><span style=\"font-size: medium;\"><b>\u00a0temos a\u00a0<\/b><\/span><\/span><\/span><span style=\"color: #0000cc;\"><span style=\"font-family: Arial Black, serif;\"><span style=\"font-size: medium;\"><b>ilus\u00e3o em dias quentes e secos, de po\u00e7as de \u00e1gua, imagens de carros, de nuvens, etc.,\u00a0<\/b><\/span><\/span><\/span><span style=\"color: #c00000;\"><span style=\"font-family: Arial Black, serif;\"><span style=\"font-size: medium;\"><b>de\u00a0<\/b><\/span><\/span><\/span><span style=\"color: #0000cc;\"><span style=\"font-family: Arial Black, serif;\"><span style=\"font-size: medium;\"><b>miragens em desertos, pois o Sol em contato com o solo deixa o ar mais quente\u00a0<\/b><\/span><\/span><\/span><span style=\"color: #c00000;\"><span style=\"font-family: Arial Black, serif;\"><span style=\"font-size: medium;\"><b>e consequentemente\u00a0<\/b><\/span><\/span><\/span><span style=\"color: #0000cc;\"><span style=\"font-family: Arial Black, serif;\"><span style=\"font-size: medium;\"><b>menos refringente que o ar das camadas superiores.<\/b><\/span><\/span><\/span><\/p>\n<p><img loading=\"lazy\" decoding=\"async\" src=\"http:\/\/fisicaevestibular.com.br\/novo\/wp-content\/uploads\/migracao\/formulario\/optica07\/0410426001548294876_optica07_html_7c1aa594.png\" width=\"765\" height=\"230\" align=\"BOTTOM\" border=\"0\" \/><\/p>\n<p><span style=\"color: #c00000;\"><span style=\"font-family: Arial, serif;\"><span style=\"font-size: medium;\"><b>Isso faz\u00a0<\/b><\/span><\/span><\/span><span style=\"color: #0000cc;\"><span style=\"font-family: Arial, serif;\"><span style=\"font-size: medium;\"><b>com que os <\/b><\/span><\/span><\/span><span style=\"color: #0000cc;\"><span style=\"font-family: Arial Black, serif;\"><span style=\"font-size: medium;\"><b>raios de luz sofram reflex\u00e3o total em camadas pr\u00f3ximas ao solo,<\/b><\/span><\/span><\/span><span style=\"color: #111111;\"><span style=\"font-family: Arial Black, serif;\"><span style=\"font-size: medium;\"><b>\u00a0<\/b><\/span><\/span><\/span><span style=\"color: #0000cc;\"><span style=\"font-family: Arial Black, serif;\"><span style=\"font-size: medium;\"><b>subam<\/b><\/span><\/span><\/span><span style=\"color: #c00000;\"><span style=\"font-family: Arial Black, serif;\"><span style=\"font-size: medium;\"><b>\u00a0e\u00a0<\/b><\/span><\/span><\/span><span style=\"color: #0000cc;\"><span style=\"font-family: Arial Black, serif;\"><span style=\"font-size: medium;\"><b>atinjam os olhos de um observador, que ter\u00e1 a impress\u00e3o de que no solo existe um espelho fornecendo a imagem do objeto.<\/b><\/span><\/span><\/span><\/p>\n<p lang=\"pt-PT\"><a name=\"_GoBack\"><\/a><\/p>\n<p>&nbsp;<\/p>\n<p>&nbsp;<\/p>\n<p>&nbsp;<\/p>\n<p>&nbsp;<\/p>\n","protected":false},"excerpt":{"rendered":"<p>Formul\u00e1rio completo de F\u00edsica com informa\u00e7\u00f5es \u00fateis (Dicas para vestibulares) \u00d3ptica geom\u00e9trica Leis da Refra\u00e7\u00e3o Primeira lei da refra\u00e7\u00e3o Segunda lei da refra\u00e7\u00e3o (Lei de Snell-Descartes) Propriedade importante Informa\u00e7\u00f5es \u00fateis (dicas para vestibulares) Refra\u00e7\u00e3o atmosf\u00e9rica Como\u00a0a atmosfera \u00e9 mais densa nas camadas inferiores,\u00a0nelas o\u00a0\u00edndice de refra\u00e7\u00e3o \u00e9 maior\u00a0que nas\u00a0camadas superiores. Como\u00a0consequ\u00eancia, a\u00a0luz proveniente de um astro,\u00a0como por exemplo, o Sol,\u00a0sofre<\/p>\n","protected":false},"author":1,"featured_media":0,"parent":3987,"menu_order":0,"comment_status":"closed","ping_status":"closed","template":"","meta":{"om_disable_all_campaigns":false,"_monsterinsights_skip_tracking":false,"_monsterinsights_sitenote_active":false,"_monsterinsights_sitenote_note":"","_monsterinsights_sitenote_category":0,"footnotes":""},"class_list":["post-4315","page","type-page","status-publish","hentry"],"aioseo_notices":[],"_links":{"self":[{"href":"https:\/\/fisicaevestibular.com.br\/novo\/wp-json\/wp\/v2\/pages\/4315","targetHints":{"allow":["GET"]}}],"collection":[{"href":"https:\/\/fisicaevestibular.com.br\/novo\/wp-json\/wp\/v2\/pages"}],"about":[{"href":"https:\/\/fisicaevestibular.com.br\/novo\/wp-json\/wp\/v2\/types\/page"}],"author":[{"embeddable":true,"href":"https:\/\/fisicaevestibular.com.br\/novo\/wp-json\/wp\/v2\/users\/1"}],"replies":[{"embeddable":true,"href":"https:\/\/fisicaevestibular.com.br\/novo\/wp-json\/wp\/v2\/comments?post=4315"}],"version-history":[{"count":1,"href":"https:\/\/fisicaevestibular.com.br\/novo\/wp-json\/wp\/v2\/pages\/4315\/revisions"}],"predecessor-version":[{"id":4316,"href":"https:\/\/fisicaevestibular.com.br\/novo\/wp-json\/wp\/v2\/pages\/4315\/revisions\/4316"}],"up":[{"embeddable":true,"href":"https:\/\/fisicaevestibular.com.br\/novo\/wp-json\/wp\/v2\/pages\/3987"}],"wp:attachment":[{"href":"https:\/\/fisicaevestibular.com.br\/novo\/wp-json\/wp\/v2\/media?parent=4315"}],"curies":[{"name":"wp","href":"https:\/\/api.w.org\/{rel}","templated":true}]}}

Óptica geométrica &#8211; Leis da Refração

<p align="CENTER"><span style="color: #0000cc;"><span style="font-family: Arial Black, serif;"><span style="font-size: large;"><b>Formulário completo de Física com informações úteis </b></span></span></span></p>
<p align="CENTER"><span style="color: #c00000;"><span style="font-family: Arial Black, serif;"><span style="font-size: large;"><b>(Dicas para vestibulares)</b></span></span></span></p>
<p align="CENTER"><span style="color: #c00000;"><span style="font-family: Viner Hand ITC, serif;"><span style="font-size: x-large;"><b>Óptica geométrica</b></span></span></span></p>
<p align="CENTER"><span style="color: #0000cc;"><span style="font-family: Arial Black, serif;"><span style="font-size: large;">Leis da Refração</span></span></span></p>
<p align="CENTER"><span style="color: #c00000;"><span style="font-family: Arial Black, serif;"><span style="font-size: large;">Primeira lei da refração</span></span></span></p>
<p align="CENTER"><img fetchpriority="high" decoding="async" src="http://fisicaevestibular.com.br/novo/wp-content/uploads/migracao/formulario/optica07/0410426001548294876_optica07_html_6168025f.png" width="777" height="233" align="BOTTOM" border="0" /></p>
<p align="CENTER"><span style="font-family: Times New Roman, serif;"><span style="font-size: medium;"><span style="color: #c00000;"><span style="font-family: Arial Black, serif;"><span style="font-size: large;"><b>Segunda lei da refração (Lei de Snell-Descartes)</b></span></span></span></span></span></p>
<p align="CENTER"><img decoding="async" src="http://fisicaevestibular.com.br/novo/wp-content/uploads/migracao/formulario/optica07/0410426001548294876_optica07_html_m468237ef.png" width="770" height="371" align="BOTTOM" border="0" /></p>
<p align="CENTER"><span style="color: #c00000;"><span style="font-family: Arial Black, serif;"><span style="font-size: large;"><b>Propriedade importante</b></span></span></span></p>
<p align="CENTER"><img decoding="async" src="http://fisicaevestibular.com.br/novo/wp-content/uploads/migracao/formulario/optica07/0410426001548294876_optica07_html_m65575002.png" width="773" height="274" align="BOTTOM" border="0" /></p>
<p align="CENTER"><span style="color: #c00000;"><span style="font-family: Arial Black, serif;"><span style="font-size: large;"><b>Informações úteis </b></span></span></span><span style="color: #0000cc;"><span style="font-family: Arial Black, serif;"><span style="font-size: large;"><b>(dicas para vestibulares)</b></span></span></span></p>
<p><img loading="lazy" decoding="async" src="http://fisicaevestibular.com.br/novo/wp-content/uploads/migracao/formulario/optica07/0410426001548294876_optica07_html_m740d0bd0.png" width="46" height="23" align="BOTTOM" border="0" /></p>
<p align="CENTER"><span style="color: #c00000;"><span style="font-family: Arial Black, serif;"><span style="font-size: medium;"><b>Refração atmosférica</b></span></span></span></p>
<p><span style="color: #c00000;"><span style="font-family: Arial, serif;"><span style="font-size: medium;"><b>Como </b></span></span></span><span style="color: #0000cc;"><span style="font-family: Arial, serif;"><span style="font-size: medium;"><b>a </b></span></span></span><span style="color: #0000cc;"><span style="font-family: Arial Black, serif;"><span style="font-size: medium;"><b>atmosfera é mais densa nas camadas inferiores</b></span></span></span><span style="color: #0000cc;"><span style="font-family: Arial, serif;"><span style="font-size: medium;"><b>, </b></span></span></span><span style="color: #c00000;"><span style="font-family: Arial, serif;"><span style="font-size: medium;"><b>nelas o </b></span></span></span><span style="color: #0000cc;"><span style="font-family: Arial Black, serif;"><span style="font-size: medium;"><b>índice de refração </b></span></span></span><span style="color: #0000cc;"><span style="font-family: Arial, serif;"><span style="font-size: medium;"><b>é </b></span></span></span><span style="color: #0000cc;"><span style="font-family: Arial Black, serif;"><span style="font-size: medium;"><b>maior </b></span></span></span><span style="color: #c00000;"><span style="font-family: Arial Black, serif;"><span style="font-size: medium;"><b>que nas </b></span></span></span><span style="color: #0000cc;"><span style="font-family: Arial Black, serif;"><span style="font-size: medium;"><b>camadas superiores.</b></span></span></span></p>
<p><span style="color: #c00000;"><span style="font-family: Arial, serif;"><span style="font-size: medium;"><b>Como </b></span></span></span><span style="color: #0000cc;"><span style="font-family: Arial, serif;"><span style="font-size: medium;"><b>consequência</b></span></span></span><span style="color: #c00000;"><span style="font-family: Arial, serif;"><span style="font-size: medium;"><b>, a </b></span></span></span><span style="color: #0000cc;"><span style="font-family: Arial, serif;"><span style="font-size: medium;"><b>luz proveniente de um astro, </b></span></span></span><span style="color: #c00000;"><span style="font-family: Arial, serif;"><span style="font-size: medium;"><b>como por exemplo</b></span></span></span><span style="color: #0000cc;"><span style="font-family: Arial, serif;"><span style="font-size: medium;"><b>, o Sol</b></span></span></span><span style="color: #c00000;"><span style="font-family: Arial, serif;"><span style="font-size: medium;"><b>, </b></span></span></span><span style="color: #0000cc;"><span style="font-family: Arial, serif;"><span style="font-size: medium;"><b>sofre desvio </b></span></span></span><span style="color: #c00000;"><span style="font-family: Arial, serif;"><span style="font-size: medium;"><b>se</b></span></span></span></p>
<p><img loading="lazy" decoding="async" src="http://fisicaevestibular.com.br/novo/wp-content/uploads/migracao/formulario/optica07/0410426001548294876_optica07_html_m6064d88f.png" width="765" height="262" align="BOTTOM" border="0" /></p>
<p><span style="color: #0000cc;"><span style="font-family: Arial Black, serif;"><span style="font-size: medium;"><b>aproximando da normal até atingir os olhos do observador que tem a impressão de que ele está acima de sua posição real.</b></span></span></span></p>
<p><span style="color: #c00000;"><span style="font-family: Arial, serif;"><span style="font-size: medium;"><b>Pelo </b></span></span></span><span style="color: #0000cc;"><span style="font-family: Arial Black, serif;"><span style="font-size: medium;"><b>mesmo motivo</b></span></span></span><span style="color: #c00000;"><span style="font-family: Arial, serif;"><span style="font-size: medium;"><b>, devido à </b></span></span></span><span style="color: #0000cc;"><span style="font-family: Arial Black, serif;"><span style="font-size: medium;"><b>variação da densidade do ar com a temperatura</b></span></span></span><span style="color: #0000cc;"><span style="font-family: Arial, serif;"><span style="font-size: medium;"><b>,</b></span></span></span><span style="color: #c00000;"><span style="font-family: Arial, serif;"><span style="font-size: medium;"><b> temos a </b></span></span></span><span style="color: #0000cc;"><span style="font-family: Arial Black, serif;"><span style="font-size: medium;"><b>ilusão em dias quentes e secos, de poças de água, imagens de carros, de nuvens, etc., </b></span></span></span><span style="color: #c00000;"><span style="font-family: Arial Black, serif;"><span style="font-size: medium;"><b>de </b></span></span></span><span style="color: #0000cc;"><span style="font-family: Arial Black, serif;"><span style="font-size: medium;"><b>miragens em desertos, pois o Sol em contato com o solo deixa o ar mais quente </b></span></span></span><span style="color: #c00000;"><span style="font-family: Arial Black, serif;"><span style="font-size: medium;"><b>e consequentemente </b></span></span></span><span style="color: #0000cc;"><span style="font-family: Arial Black, serif;"><span style="font-size: medium;"><b>menos refringente que o ar das camadas superiores.</b></span></span></span></p>
<p><img loading="lazy" decoding="async" src="http://fisicaevestibular.com.br/novo/wp-content/uploads/migracao/formulario/optica07/0410426001548294876_optica07_html_7c1aa594.png" width="765" height="230" align="BOTTOM" border="0" /></p>
<p><span style="color: #c00000;"><span style="font-family: Arial, serif;"><span style="font-size: medium;"><b>Isso faz </b></span></span></span><span style="color: #0000cc;"><span style="font-family: Arial, serif;"><span style="font-size: medium;"><b>com que os </b></span></span></span><span style="color: #0000cc;"><span style="font-family: Arial Black, serif;"><span style="font-size: medium;"><b>raios de luz sofram reflexão total em camadas próximas ao solo,</b></span></span></span><span style="color: #111111;"><span style="font-family: Arial Black, serif;"><span style="font-size: medium;"><b> </b></span></span></span><span style="color: #0000cc;"><span style="font-family: Arial Black, serif;"><span style="font-size: medium;"><b>subam</b></span></span></span><span style="color: #c00000;"><span style="font-family: Arial Black, serif;"><span style="font-size: medium;"><b> e </b></span></span></span><span style="color: #0000cc;"><span style="font-family: Arial Black, serif;"><span style="font-size: medium;"><b>atinjam os olhos de um observador, que terá a impressão de que no solo existe um espelho fornecendo a imagem do objeto.</b></span></span></span></p>
<p lang="pt-PT"><a name="_GoBack"></a></p>
<p>&nbsp;</p>
<p>&nbsp;</p>
<p>&nbsp;</p>
<p>&nbsp;</p>

<p>Formulário completo de Física com informações úteis (Dicas para vestibulares) Óptica geométrica Leis da Refração Primeira lei da refração Segunda lei da refração (Lei de Snell-Descartes) Propriedade importante Informações úteis (dicas para vestibulares) Refração atmosférica Como a atmosfera é mais densa nas camadas inferiores, nelas o índice de refração é maior que nas camadas superiores. Como consequência, a luz proveniente de um astro, como por exemplo, o Sol, sofre</p>
