{"id":4259,"date":"2018-12-22T02:42:48","date_gmt":"2018-12-22T02:42:48","guid":{"rendered":"http:\/\/fisicaevestibular.com.br\/novo\/?page_id=4259"},"modified":"2024-08-22T13:32:00","modified_gmt":"2024-08-22T13:32:00","slug":"eletromagnetismo-03-campo-magnetico-originado-por-um-condutor-retilineo-extenso-percorrido-por-corrente-eletrica","status":"publish","type":"page","link":"https:\/\/fisicaevestibular.com.br\/novo\/formulario\/eletromagnetismo-03-campo-magnetico-originado-por-um-condutor-retilineo-extenso-percorrido-por-corrente-eletrica\/","title":{"rendered":"Eletromagnetismo 03 &#8211; Campo magn\u00e9tico originado por um condutor retil\u00edneo extenso percorrido por corrente el\u00e9trica"},"content":{"rendered":"<p align=\"CENTER\"><a name=\"_GoBack\"><\/a> <span style=\"color: #0000cc;\"><span style=\"font-family: Arial Black, serif;\"><span style=\"font-size: large;\"><b>Formul\u00e1rio completo de F\u00edsica com informa\u00e7\u00f5es \u00fateis <\/b><\/span><\/span><\/span><\/p>\n<p align=\"CENTER\"><span style=\"color: #c00000;\"><span style=\"font-family: Arial Black, serif;\"><span style=\"font-size: large;\"><b>(Dicas para vestibulares)<\/b><\/span><\/span><\/span><\/p>\n<p align=\"CENTER\"><span style=\"color: #c00000;\"><span style=\"font-family: Viner Hand ITC, serif;\"><span style=\"font-size: x-large;\"><b>Eletromagnetismo 03<\/b><\/span><\/span><\/span><\/p>\n<p align=\"CENTER\"><span style=\"color: #0000cc;\"><span style=\"font-family: Arial Black, serif;\"><span style=\"font-size: large;\"><b>Campo magn\u00e9tico originado por um condutor retil\u00edneo extenso percorrido por corrente el\u00e9trica<\/b><\/span><\/span><\/span><\/p>\n<p align=\"CENTER\"><span style=\"color: #c00000;\">\u00a0<\/span><span style=\"font-family: Times New Roman, serif;\"><span style=\"font-size: medium;\"><span style=\"color: #c00000;\"><span style=\"font-family: Arial Black, serif;\"><span style=\"font-size: large;\"><b>Dire\u00e7\u00e3o e sentido do vetor campo magn\u00e9tico\u00a0<\/b><\/span><\/span><\/span><img decoding=\"async\" src=\"http:\/\/fisicaevestibular.com.br\/novo\/wp-content\/uploads\/universidades-2018\/formulario\/eletromag03\/0495947001545446470_eletromag3_html_m1b0772d5.png\" width=\"19\" height=\"22\" align=\"BOTTOM\" border=\"0\" \/><\/span><\/span><\/p>\n<p align=\"CENTER\"><img fetchpriority=\"high\" decoding=\"async\" src=\"http:\/\/fisicaevestibular.com.br\/novo\/wp-content\/uploads\/universidades-2018\/formulario\/eletromag03\/0495947001545446470_eletromag3_html_m78f17b23.png\" width=\"783\" height=\"386\" align=\"BOTTOM\" border=\"0\" \/><\/p>\n<p align=\"CENTER\"><span style=\"color: #c00000;\">\u00a0<span style=\"font-family: Times New Roman, serif;\"><span style=\"font-size: medium;\"><span style=\"font-family: Arial Black, serif;\"><span style=\"font-size: large;\"><b>Intensidade do campo magn\u00e9tico\u00a0<\/b><\/span><\/span><\/span><img decoding=\"async\" src=\"http:\/\/fisicaevestibular.com.br\/novo\/wp-content\/uploads\/universidades-2018\/formulario\/eletromag03\/0495947001545446470_eletromag3_html_m1b0772d5.png\" width=\"19\" height=\"22\" align=\"BOTTOM\" border=\"0\" \/><\/span><\/span><\/p>\n<p align=\"CENTER\"><img decoding=\"async\" src=\"http:\/\/fisicaevestibular.com.br\/novo\/wp-content\/uploads\/universidades-2018\/formulario\/eletromag03\/0495947001545446470_eletromag3_html_m74a01ec3.png\" width=\"781\" height=\"277\" align=\"BOTTOM\" border=\"0\" \/><\/p>\n<p align=\"CENTER\"><span style=\"color: #c00000;\"><span style=\"font-family: Arial Black, serif;\"><span style=\"font-size: large;\">Intensidade das for\u00e7as magn\u00e9ticas de atra\u00e7\u00e3o ou de repuls\u00e3o entre dois condutores retil\u00edneos, paralelos e pr\u00f3ximos um do outro.<\/span><\/span><\/span><\/p>\n<p align=\"CENTER\"><img loading=\"lazy\" decoding=\"async\" src=\"http:\/\/fisicaevestibular.com.br\/novo\/wp-content\/uploads\/universidades-2018\/formulario\/eletromag03\/0495947001545446470_eletromag3_html_m63c38020.png\" width=\"777\" height=\"165\" align=\"BOTTOM\" border=\"0\" \/><\/p>\n<p align=\"CENTER\"><span style=\"color: #c00000;\"><span style=\"font-family: Arial Black, serif;\"><span style=\"font-size: large;\">Dire\u00e7\u00e3o e sentido das for\u00e7as magn\u00e9ticas de atra\u00e7\u00e3o ou de repuls\u00e3o entre dois condutores retil\u00edneos, paralelos e pr\u00f3ximos um do outro.<\/span><\/span><\/span><\/p>\n<p align=\"CENTER\"><img loading=\"lazy\" decoding=\"async\" src=\"http:\/\/fisicaevestibular.com.br\/novo\/wp-content\/uploads\/universidades-2018\/formulario\/eletromag03\/0495947001545446470_eletromag3_html_m212ff490.png\" width=\"779\" height=\"323\" align=\"BOTTOM\" border=\"0\" \/><\/p>\n<p align=\"CENTER\"><span style=\"color: #c00000;\"><span style=\"font-family: Arial Black, serif;\"><span style=\"font-size: large;\">Informa\u00e7\u00f5es \u00fateis <\/span><\/span><\/span><span style=\"color: #0000cc;\"><span style=\"font-family: Arial Black, serif;\"><span style=\"font-size: large;\">(dicas para vestibulares)<\/span><\/span><\/span><\/p>\n<p><img loading=\"lazy\" decoding=\"async\" src=\"http:\/\/fisicaevestibular.com.br\/novo\/wp-content\/uploads\/universidades-2018\/formulario\/eletromag03\/0495947001545446470_eletromag3_html_m740d0bd0.png\" width=\"42\" height=\"21\" align=\"BOTTOM\" border=\"0\" \/><\/p>\n<p><img loading=\"lazy\" decoding=\"async\" src=\"http:\/\/fisicaevestibular.com.br\/novo\/wp-content\/uploads\/universidades-2018\/formulario\/eletromag03\/0495947001545446470_eletromag3_html_4535f81d.png\" width=\"779\" height=\"235\" align=\"BOTTOM\" border=\"0\" \/><\/p>\n<p>&nbsp;<\/p>\n<p>&nbsp;<\/p>\n<p>&nbsp;<\/p>\n<p>&nbsp;<\/p>\n<p>&nbsp;<\/p>\n<p>&nbsp;<\/p>\n","protected":false},"excerpt":{"rendered":"<p>Formul\u00e1rio completo de F\u00edsica com informa\u00e7\u00f5es \u00fateis (Dicas para vestibulares) Eletromagnetismo 03 Campo magn\u00e9tico originado por um condutor retil\u00edneo extenso percorrido por corrente el\u00e9trica \u00a0Dire\u00e7\u00e3o e sentido do vetor campo magn\u00e9tico\u00a0 \u00a0Intensidade do campo magn\u00e9tico\u00a0 Intensidade das for\u00e7as magn\u00e9ticas de atra\u00e7\u00e3o ou de repuls\u00e3o entre dois condutores retil\u00edneos, paralelos e pr\u00f3ximos um do outro. Dire\u00e7\u00e3o e sentido das for\u00e7as magn\u00e9ticas<\/p>\n","protected":false},"author":1,"featured_media":0,"parent":3987,"menu_order":0,"comment_status":"closed","ping_status":"closed","template":"","meta":{"om_disable_all_campaigns":false,"_monsterinsights_skip_tracking":false,"_monsterinsights_sitenote_active":false,"_monsterinsights_sitenote_note":"","_monsterinsights_sitenote_category":0,"footnotes":""},"class_list":["post-4259","page","type-page","status-publish","hentry"],"aioseo_notices":[],"_links":{"self":[{"href":"https:\/\/fisicaevestibular.com.br\/novo\/wp-json\/wp\/v2\/pages\/4259","targetHints":{"allow":["GET"]}}],"collection":[{"href":"https:\/\/fisicaevestibular.com.br\/novo\/wp-json\/wp\/v2\/pages"}],"about":[{"href":"https:\/\/fisicaevestibular.com.br\/novo\/wp-json\/wp\/v2\/types\/page"}],"author":[{"embeddable":true,"href":"https:\/\/fisicaevestibular.com.br\/novo\/wp-json\/wp\/v2\/users\/1"}],"replies":[{"embeddable":true,"href":"https:\/\/fisicaevestibular.com.br\/novo\/wp-json\/wp\/v2\/comments?post=4259"}],"version-history":[{"count":2,"href":"https:\/\/fisicaevestibular.com.br\/novo\/wp-json\/wp\/v2\/pages\/4259\/revisions"}],"predecessor-version":[{"id":4261,"href":"https:\/\/fisicaevestibular.com.br\/novo\/wp-json\/wp\/v2\/pages\/4259\/revisions\/4261"}],"up":[{"embeddable":true,"href":"https:\/\/fisicaevestibular.com.br\/novo\/wp-json\/wp\/v2\/pages\/3987"}],"wp:attachment":[{"href":"https:\/\/fisicaevestibular.com.br\/novo\/wp-json\/wp\/v2\/media?parent=4259"}],"curies":[{"name":"wp","href":"https:\/\/api.w.org\/{rel}","templated":true}]}}