{"id":3834,"date":"2018-04-15T21:17:09","date_gmt":"2018-04-15T21:17:09","guid":{"rendered":"http:\/\/fisicaevestibular.com.br\/novo\/?page_id=3834"},"modified":"2024-07-15T14:42:35","modified_gmt":"2024-07-15T14:42:35","slug":"puc-rj-2018","status":"publish","type":"page","link":"https:\/\/fisicaevestibular.com.br\/novo\/universidades-2018\/puc-rj-2018\/","title":{"rendered":"PUC \u2013 RJ &#8211; 2018"},"content":{"rendered":"<p align=\"CENTER\"><span style=\"color: #c00000;\"><span style=\"font-family: Arial\\ Black, serif;\"><span style=\"font-size: large;\"><b>PUC \u2013 RJ &#8211; 2018<\/b><\/span><\/span><\/span><\/p>\n<p align=\"CENTER\"><img decoding=\"async\" class=\"alignnone\" src=\"http:\/\/fisicaevestibular.com.br\/novo\/wp-content\/uploads\/universidades-2018\/pucrj\/PUC2_html_90b75c31.png\" alt=\"PUC\" width=\"173\" height=\"185\" name=\"Imagem 2\" align=\"BOTTOM\" border=\"0\" \/><\/p>\n<p align=\"CENTER\"><span style=\"color: #0000cc;\"><span style=\"font-family: Viner\\ Hand\\ ITC, serif;\"><span style=\"font-size: large;\"><b>Pontif\u00edcia Universidade Cat\u00f3lica do Rio de Janeiro\u00a0(PUC-Rio) \u00e9 uma institui\u00e7\u00e3o de ensino superior\u00a0privada\u00a0e\u00a0cat\u00f3lica\u00a0brasileira, sediada no\u00a0bairro\u00a0da G\u00e1vea, na\u00a0cidade do\u00a0Rio de Janeiro,\u00a0capital\u00a0do\u00a0estado hom\u00f4nimo,\u00a0Brasil. Nos tempos de hoje, \u00e9 conhecida como a melhor\u00a0universidade privada\u00a0do\u00a0Brasil.<\/b><\/span><\/span><\/span><\/p>\n<p align=\"CENTER\"><a name=\"_GoBack\"><\/a> <img fetchpriority=\"high\" decoding=\"async\" src=\"http:\/\/fisicaevestibular.com.br\/novo\/wp-content\/uploads\/universidades-2018\/pucrj\/PUC2_html_4bdc1393.png\" alt=\"\" width=\"759\" height=\"228\" name=\"Imagem 6\" align=\"BOTTOM\" border=\"0\" \/><\/p>\n<p align=\"CENTER\"><img decoding=\"async\" src=\"http:\/\/fisicaevestibular.com.br\/novo\/wp-content\/uploads\/universidades-2018\/pucrj\/PUC2_html_fac7103e.png\" alt=\"\" width=\"671\" height=\"429\" name=\"Imagem 8\" align=\"BOTTOM\" border=\"0\" \/><\/p>\n<p><span style=\"color: #0000cc;\"><span style=\"font-family: Arial, serif;\"><span style=\"font-size: large;\"><b>01-(PUC-RJ\/018)<\/b><\/span><\/span><\/span><\/p>\n<p><img loading=\"lazy\" decoding=\"async\" src=\"http:\/\/fisicaevestibular.com.br\/novo\/wp-content\/uploads\/universidades-2018\/pucrj\/PUC2_html_dacf5f66.jpg\" alt=\"\" width=\"754\" height=\"148\" name=\"Imagem 15\" align=\"BOTTOM\" border=\"0\" \/><\/p>\n<p><img loading=\"lazy\" decoding=\"async\" src=\"http:\/\/fisicaevestibular.com.br\/novo\/wp-content\/uploads\/universidades-2018\/pucrj\/PUC2_html_96f02128.png\" alt=\"\" width=\"779\" height=\"207\" name=\"Imagem 10\" align=\"BOTTOM\" border=\"0\" \/><\/p>\n<p><span style=\"color: #0000cc;\"><span style=\"font-family: Arial, serif;\"><span style=\"font-size: large;\"><b>02-(PUC-RJ\/018)<\/b><\/span><\/span><\/span><\/p>\n<p><img loading=\"lazy\" decoding=\"async\" src=\"http:\/\/fisicaevestibular.com.br\/novo\/wp-content\/uploads\/universidades-2018\/pucrj\/PUC2_html_7ac6d8e1.jpg\" alt=\"\" width=\"645\" height=\"145\" name=\"Imagem 19\" align=\"BOTTOM\" border=\"0\" \/><\/p>\n<p><img loading=\"lazy\" decoding=\"async\" src=\"http:\/\/fisicaevestibular.com.br\/novo\/wp-content\/uploads\/universidades-2018\/pucrj\/PUC2_html_a8d3b275.png\" alt=\"\" width=\"779\" height=\"152\" name=\"Imagem 16\" align=\"BOTTOM\" border=\"0\" \/><\/p>\n<p><span style=\"color: #0000cc;\"><span style=\"font-family: Arial, serif;\"><span style=\"font-size: large;\"><b>03-(PUC-RJ\/018)<\/b><\/span><\/span><\/span><\/p>\n<p><img loading=\"lazy\" decoding=\"async\" src=\"http:\/\/fisicaevestibular.com.br\/novo\/wp-content\/uploads\/universidades-2018\/pucrj\/PUC2_html_4ac03064.jpg\" alt=\"\" width=\"779\" height=\"145\" name=\"Imagem 21\" align=\"BOTTOM\" border=\"0\" \/><\/p>\n<p><img loading=\"lazy\" decoding=\"async\" src=\"http:\/\/fisicaevestibular.com.br\/novo\/wp-content\/uploads\/universidades-2018\/pucrj\/PUC2_html_b62db2c6.png\" alt=\"\" width=\"775\" height=\"192\" name=\"Imagem 22\" align=\"BOTTOM\" border=\"0\" \/><\/p>\n<p><span style=\"color: #0000cc;\"><span style=\"font-family: Arial, serif;\"><span style=\"font-size: large;\"><b>04-(PUC-RJ\/018)<\/b><\/span><\/span><\/span><\/p>\n<p><img loading=\"lazy\" decoding=\"async\" src=\"http:\/\/fisicaevestibular.com.br\/novo\/wp-content\/uploads\/universidades-2018\/pucrj\/PUC2_html_d0afc780.jpg\" alt=\"\" width=\"715\" height=\"153\" name=\"Imagem 26\" align=\"BOTTOM\" border=\"0\" \/><\/p>\n<p><img loading=\"lazy\" decoding=\"async\" src=\"http:\/\/fisicaevestibular.com.br\/novo\/wp-content\/uploads\/universidades-2018\/pucrj\/PUC2_html_f238a5c1.png\" alt=\"\" width=\"775\" height=\"233\" name=\"Imagem 24\" align=\"BOTTOM\" border=\"0\" \/><\/p>\n<p><span style=\"color: #0000cc;\"><span style=\"font-family: Arial, serif;\"><span style=\"font-size: large;\"><b>05-(PUC-RJ\/018)<\/b><\/span><\/span><\/span><\/p>\n<p><img loading=\"lazy\" decoding=\"async\" src=\"http:\/\/fisicaevestibular.com.br\/novo\/wp-content\/uploads\/universidades-2018\/pucrj\/PUC2_html_105f03ab.jpg\" alt=\"\" width=\"666\" height=\"146\" name=\"Imagem 28\" align=\"BOTTOM\" border=\"0\" \/><\/p>\n<p><img loading=\"lazy\" decoding=\"async\" src=\"http:\/\/fisicaevestibular.com.br\/novo\/wp-content\/uploads\/universidades-2018\/pucrj\/PUC2_html_b85c0204.png\" alt=\"\" width=\"774\" height=\"247\" name=\"Imagem 4\" align=\"BOTTOM\" border=\"0\" \/><\/p>\n<p><span style=\"color: #0000cc;\"><span style=\"font-family: Arial, serif;\"><span style=\"font-size: large;\"><b>06-(PUC-RJ\/018)<\/b><\/span><\/span><\/span><\/p>\n<p><img loading=\"lazy\" decoding=\"async\" src=\"http:\/\/fisicaevestibular.com.br\/novo\/wp-content\/uploads\/universidades-2018\/pucrj\/PUC2_html_8a8393e3.jpg\" alt=\"\" width=\"775\" height=\"158\" name=\"Imagem 29\" align=\"BOTTOM\" border=\"0\" \/><\/p>\n<p><img loading=\"lazy\" decoding=\"async\" src=\"http:\/\/fisicaevestibular.com.br\/novo\/wp-content\/uploads\/universidades-2018\/pucrj\/PUC2_html_cb868aa5.png\" alt=\"\" width=\"775\" height=\"245\" name=\"Imagem 12\" align=\"BOTTOM\" border=\"0\" \/><\/p>\n<p><span style=\"color: #0000cc;\"><span style=\"font-family: Arial, serif;\"><span style=\"font-size: large;\"><b>07-(PUC-RJ\/018)<\/b><\/span><\/span><\/span><\/p>\n<p><img loading=\"lazy\" decoding=\"async\" src=\"http:\/\/fisicaevestibular.com.br\/novo\/wp-content\/uploads\/universidades-2018\/pucrj\/PUC2_html_4ac03064.jpg\" alt=\"\" width=\"767\" height=\"143\" name=\"Imagem 30\" align=\"BOTTOM\" border=\"0\" \/><\/p>\n<p><img loading=\"lazy\" decoding=\"async\" src=\"http:\/\/fisicaevestibular.com.br\/novo\/wp-content\/uploads\/universidades-2018\/pucrj\/PUC2_html_ee9d24fb.png\" alt=\"\" width=\"775\" height=\"164\" name=\"Imagem 25\" align=\"BOTTOM\" border=\"0\" \/><\/p>\n<p><span style=\"color: #0000cc;\"><span style=\"font-family: Arial, serif;\"><span style=\"font-size: large;\"><b>08-(PUC-RJ\/018)<\/b><\/span><\/span><\/span><\/p>\n<p><img loading=\"lazy\" decoding=\"async\" src=\"http:\/\/fisicaevestibular.com.br\/novo\/wp-content\/uploads\/universidades-2018\/pucrj\/PUC2_html_d0afc780.jpg\" alt=\"\" width=\"715\" height=\"153\" name=\"Imagem 32\" align=\"BOTTOM\" border=\"0\" \/><\/p>\n<p><img loading=\"lazy\" decoding=\"async\" src=\"http:\/\/fisicaevestibular.com.br\/novo\/wp-content\/uploads\/universidades-2018\/pucrj\/PUC2_html_ab073479.png\" alt=\"\" width=\"779\" height=\"141\" name=\"Imagem 27\" align=\"BOTTOM\" border=\"0\" \/><\/p>\n<p>&nbsp;<\/p>\n<h3><a title=\"Resolu\u00e7\u00e3o da PUC-RJ 2018\" href=\"http:\/\/fisicaevestibular.com.br\/novo\/universidades-2018\/puc-rj-2018\/resolucao-da-puc-rj-2018\/\"><span style=\"color: #000080;\">Confira a resolu\u00e7\u00e3o comentada<\/span><\/a><\/h3>\n<p>&nbsp;<\/p>\n<p><a href=\"https:\/\/fisicaevestibular.com.br\/novo\/universidades-2016-a-2012\/\">Clique aqui para ver sobre o tema!<\/a><\/p>\n<p><a href=\"https:\/\/www.youtube.com\/user\/fisicaevestibular\/playlists\">Confira as v\u00eddeo aulas!<\/a><\/p>\n","protected":false},"excerpt":{"rendered":"<p>PUC \u2013 RJ &#8211; 2018 Pontif\u00edcia Universidade Cat\u00f3lica do Rio de Janeiro\u00a0(PUC-Rio) \u00e9 uma institui\u00e7\u00e3o de ensino superior\u00a0privada\u00a0e\u00a0cat\u00f3lica\u00a0brasileira, sediada no\u00a0bairro\u00a0da G\u00e1vea, na\u00a0cidade do\u00a0Rio de Janeiro,\u00a0capital\u00a0do\u00a0estado hom\u00f4nimo,\u00a0Brasil. Nos tempos de hoje, \u00e9 conhecida como a melhor\u00a0universidade privada\u00a0do\u00a0Brasil. 01-(PUC-RJ\/018) 02-(PUC-RJ\/018) 03-(PUC-RJ\/018) 04-(PUC-RJ\/018) 05-(PUC-RJ\/018) 06-(PUC-RJ\/018) 07-(PUC-RJ\/018) 08-(PUC-RJ\/018) &nbsp; Confira a resolu\u00e7\u00e3o comentada &nbsp; Clique aqui para ver sobre o tema! Confira as v\u00eddeo<\/p>\n","protected":false},"author":1,"featured_media":0,"parent":3353,"menu_order":0,"comment_status":"closed","ping_status":"closed","template":"","meta":{"om_disable_all_campaigns":false,"_monsterinsights_skip_tracking":false,"_monsterinsights_sitenote_active":false,"_monsterinsights_sitenote_note":"","_monsterinsights_sitenote_category":0,"footnotes":""},"class_list":["post-3834","page","type-page","status-publish","hentry"],"aioseo_notices":[],"_links":{"self":[{"href":"https:\/\/fisicaevestibular.com.br\/novo\/wp-json\/wp\/v2\/pages\/3834","targetHints":{"allow":["GET"]}}],"collection":[{"href":"https:\/\/fisicaevestibular.com.br\/novo\/wp-json\/wp\/v2\/pages"}],"about":[{"href":"https:\/\/fisicaevestibular.com.br\/novo\/wp-json\/wp\/v2\/types\/page"}],"author":[{"embeddable":true,"href":"https:\/\/fisicaevestibular.com.br\/novo\/wp-json\/wp\/v2\/users\/1"}],"replies":[{"embeddable":true,"href":"https:\/\/fisicaevestibular.com.br\/novo\/wp-json\/wp\/v2\/comments?post=3834"}],"version-history":[{"count":5,"href":"https:\/\/fisicaevestibular.com.br\/novo\/wp-json\/wp\/v2\/pages\/3834\/revisions"}],"predecessor-version":[{"id":10397,"href":"https:\/\/fisicaevestibular.com.br\/novo\/wp-json\/wp\/v2\/pages\/3834\/revisions\/10397"}],"up":[{"embeddable":true,"href":"https:\/\/fisicaevestibular.com.br\/novo\/wp-json\/wp\/v2\/pages\/3353"}],"wp:attachment":[{"href":"https:\/\/fisicaevestibular.com.br\/novo\/wp-json\/wp\/v2\/media?parent=3834"}],"curies":[{"name":"wp","href":"https:\/\/api.w.org\/{rel}","templated":true}]}}