{"id":3123,"date":"2017-08-07T23:59:39","date_gmt":"2017-08-07T23:59:39","guid":{"rendered":"http:\/\/fisicaevestibular.com.br\/novo\/?page_id=3123"},"modified":"2024-09-04T14:24:06","modified_gmt":"2024-09-04T14:24:06","slug":"mecanica","status":"publish","type":"page","link":"https:\/\/fisicaevestibular.com.br\/novo\/vestibulares-recentes\/mecanica\/","title":{"rendered":"Mec\u00e2nica"},"content":{"rendered":"<h4 style=\"text-align: center;\">Vestibulares recentes &#8211; 2020<\/h4>\n<table border=\"0\" width=\"100%\" cellspacing=\"10\" cellpadding=\"3\">\n<tbody>\n<tr>\n<td align=\"center\" width=\"50%\"><b><a title=\"Cinem\u00e1tica\" href=\"http:\/\/fisicaevestibular.com.br\/novo\/vestibulares-recentes\/mecanica\/cinematica-2020\/\">CINEM\u00c1TICA<\/a><\/b><\/td>\n<td align=\"center\" width=\"50%\"><b><a title=\"Din\u00e2mica\" href=\"http:\/\/fisicaevestibular.com.br\/novo\/vestibulares-recentes\/mecanica\/dinamica-2020\/\">DIN\u00c2MICA<\/a><\/b><\/td>\n<\/tr>\n<tr>\n<td align=\"center\" width=\"50%\"><b><a title=\"Gravita\u00e7\u00e3o\" href=\"http:\/\/fisicaevestibular.com.br\/novo\/vestibulares-recentes\/mecanica\/gravitacao-2020\/\">GRAVITA\u00c7\u00c3O<\/a><\/b><\/td>\n<td align=\"center\" width=\"50%\"><b><a title=\"EST\u00c1TICA \u2013 2017 \u2013 2016 \u2013 2015\" href=\"http:\/\/fisicaevestibular.com.br\/novo\/vestibulares-recentes\/mecanica\/estatica-2020\/\">EST\u00c1TICA<\/a><\/b><\/td>\n<\/tr>\n<tr>\n<td align=\"center\" width=\"50%\"><b><a title=\"Hidrost\u00e1tica \u2013 2017 \u2013 2016 e 2015\" href=\"http:\/\/fisicaevestibular.com.br\/novo\/vestibulares-recentes\/mecanica\/hidrostatica-2020\/\">HIDROST\u00c1TICA<\/a><\/b><\/td>\n<\/tr>\n<\/tbody>\n<\/table>\n<h4 style=\"text-align: center;\">Vestibulares recentes &#8211; 2015 a 2017<\/h4>\n<table border=\"0\" width=\"100%\" cellspacing=\"10\" cellpadding=\"3\">\n<tbody>\n<tr>\n<td align=\"center\" width=\"50%\"><b><a title=\"Cinem\u00e1tica\" href=\"http:\/\/fisicaevestibular.com.br\/novo\/vestibulares-recentes\/mecanica\/cinematica\/\">CINEM\u00c1TICA<\/a><\/b><\/td>\n<td align=\"center\" width=\"50%\"><b><a title=\"Din\u00e2mica\" href=\"http:\/\/fisicaevestibular.com.br\/novo\/vestibulares-recentes\/mecanica\/dinamica\/\">DIN\u00c2MICA<\/a><\/b><\/td>\n<\/tr>\n<tr>\n<td align=\"center\" width=\"50%\"><b><a title=\"Gravita\u00e7\u00e3o\" href=\"http:\/\/fisicaevestibular.com.br\/novo\/vestibulares-recentes\/mecanica\/gravitacao\/\">GRAVITA\u00c7\u00c3O<\/a><\/b><\/td>\n<td align=\"center\" width=\"50%\"><b><a title=\"EST\u00c1TICA \u2013 2017 \u2013 2016 \u2013 2015\" href=\"http:\/\/fisicaevestibular.com.br\/novo\/vestibulares-recentes\/mecanica\/estatica-2017-2016-2015\/\">EST\u00c1TICA<\/a><\/b><\/td>\n<\/tr>\n<tr>\n<td align=\"center\" width=\"50%\"><b><a title=\"Hidrost\u00e1tica \u2013 2017 \u2013 2016 e 2015\" href=\"http:\/\/fisicaevestibular.com.br\/novo\/vestibulares-recentes\/mecanica\/hidrostatica-2017-2016-e-2015\/\">HIDROST\u00c1TICA<\/a><\/b><\/td>\n<\/tr>\n<\/tbody>\n<\/table>\n<h4 style=\"text-align: center;\">Vestibulares recentes &#8211; 2018 a 2019<\/h4>\n<table border=\"0\" width=\"100%\" cellspacing=\"10\" cellpadding=\"3\">\n<tbody>\n<tr>\n<td align=\"center\" width=\"50%\"><b><a title=\"Cinem\u00e1tica\" href=\"http:\/\/fisicaevestibular.com.br\/novo\/vestibulares-recentes\/mecanica\/cinematica-2018-2019\/\">CINEM\u00c1TICA<\/a><\/b><\/td>\n<td align=\"center\" width=\"50%\"><b><a title=\"Din\u00e2mica\" href=\"http:\/\/fisicaevestibular.com.br\/novo\/vestibulares-recentes\/mecanica\/dinamica-impulsiva-2018-2019\/\">DIN\u00c2MICA<\/a><\/b><\/td>\n<\/tr>\n<tr>\n<td align=\"center\" width=\"50%\"><b><a title=\"Gravita\u00e7\u00e3o\" href=\"http:\/\/fisicaevestibular.com.br\/novo\/vestibulares-recentes\/mecanica\/gravitacao-2018-2019\/\">GRAVITA\u00c7\u00c3O<\/a><\/b><\/td>\n<td align=\"center\" width=\"50%\"><b><a title=\"EST\u00c1TICA \u2013 2017 \u2013 2016 \u2013 2015\" href=\"http:\/\/fisicaevestibular.com.br\/novo\/vestibulares-recentes\/mecanica\/estatica-2018-2019\/\">EST\u00c1TICA<\/a><\/b><\/td>\n<\/tr>\n<tr>\n<td align=\"center\" width=\"50%\"><b><a title=\"Hidrost\u00e1tica \u2013 2017 \u2013 2016 e 2015\" href=\"http:\/\/fisicaevestibular.com.br\/novo\/vestibulares-recentes\/mecanica\/hidrostatica-2018-2019\/\">HIDROST\u00c1TICA<\/a><\/b><\/td>\n<\/tr>\n<\/tbody>\n<\/table>\n<h4 style=\"text-align: center;\">Vestibulares recentes &#8211; 2015 a 2017<\/h4>\n<table border=\"0\" width=\"100%\" cellspacing=\"10\" cellpadding=\"3\">\n<tbody>\n<tr>\n<td align=\"center\" width=\"50%\"><b><a title=\"Cinem\u00e1tica\" href=\"http:\/\/fisicaevestibular.com.br\/novo\/vestibulares-recentes\/mecanica\/cinematica\/\">CINEM\u00c1TICA<\/a><\/b><\/td>\n<td align=\"center\" width=\"50%\"><b><a title=\"Din\u00e2mica\" href=\"http:\/\/fisicaevestibular.com.br\/novo\/vestibulares-recentes\/mecanica\/dinamica\/\">DIN\u00c2MICA<\/a><\/b><\/td>\n<\/tr>\n<tr>\n<td align=\"center\" width=\"50%\"><b><a title=\"Gravita\u00e7\u00e3o\" href=\"http:\/\/fisicaevestibular.com.br\/novo\/vestibulares-recentes\/mecanica\/gravitacao\/\">GRAVITA\u00c7\u00c3O<\/a><\/b><\/td>\n<td align=\"center\" width=\"50%\"><b><a title=\"EST\u00c1TICA \u2013 2017 \u2013 2016 \u2013 2015\" href=\"http:\/\/fisicaevestibular.com.br\/novo\/vestibulares-recentes\/mecanica\/estatica-2017-2016-2015\/\">EST\u00c1TICA<\/a><\/b><\/td>\n<\/tr>\n<tr>\n<td align=\"center\" width=\"50%\">\u00a0<b><a title=\"Hidrost\u00e1tica \u2013 2017 \u2013 2016 e 2015\" href=\"http:\/\/fisicaevestibular.com.br\/novo\/vestibulares-recentes\/mecanica\/hidrostatica-2017-2016-e-2015\/\">HIDROST\u00c1TICA<\/a><\/b><\/td>\n<\/tr>\n<\/tbody>\n<\/table>\n<h4 style=\"text-align: center;\">Vestibulares recentes &#8211; 2013 a 2014<\/h4>\n<table border=\"0\" width=\"100%\" cellspacing=\"10\" cellpadding=\"3\">\n<tbody>\n<tr>\n<td align=\"center\" width=\"50%\"><b><a title=\"Cinem\u00e1tica \u2013 2013 \u2013 2014\" href=\"http:\/\/fisicaevestibular.com.br\/novo\/vestibulares-recentes\/mecanica\/cinematica-2013-2014\/\">CINEM\u00c1TICA<\/a><\/b><\/td>\n<td align=\"center\" width=\"50%\"><b><a title=\"Din\u00e2mica \u2013 2014 e 2013\" href=\"http:\/\/fisicaevestibular.com.br\/novo\/vestibulares-recentes\/mecanica\/vestibulares-recentes-por-assunto-2014-e-2013\/\">DIN\u00c2MICA<\/a><\/b><\/td>\n<\/tr>\n<tr>\n<td align=\"center\" width=\"50%\"><b><a title=\"Gravita\u00e7\u00e3o 2013-2014\" href=\"http:\/\/fisicaevestibular.com.br\/novo\/vestibulares-recentes\/mecanica\/gravitacao-2013-2014\/\">GRAVITA\u00c7\u00c3O<\/a><\/b><\/td>\n<td align=\"center\" width=\"50%\"><b><a href=\"http:\/\/fisicaevestibular.com.br\/atualizacao\/Exercicios2013\/estatica.htm\">EST\u00c1TICA<\/a><\/b><\/td>\n<\/tr>\n<tr>\n<td align=\"center\" width=\"50%\"><b><a href=\"http:\/\/fisicaevestibular.com.br\/atualizacao\/Exercicios2013\/hidrostatica.htm\">HIDROST\u00c1TICA<\/a><\/b><\/td>\n<\/tr>\n<\/tbody>\n<\/table>\n","protected":false},"excerpt":{"rendered":"<p>Vestibulares recentes &#8211; 2020 CINEM\u00c1TICA DIN\u00c2MICA GRAVITA\u00c7\u00c3O EST\u00c1TICA HIDROST\u00c1TICA Vestibulares recentes &#8211; 2015 a 2017 CINEM\u00c1TICA DIN\u00c2MICA GRAVITA\u00c7\u00c3O EST\u00c1TICA HIDROST\u00c1TICA Vestibulares recentes &#8211; 2018 a 2019 CINEM\u00c1TICA DIN\u00c2MICA GRAVITA\u00c7\u00c3O EST\u00c1TICA HIDROST\u00c1TICA Vestibulares recentes &#8211; 2015 a 2017 CINEM\u00c1TICA DIN\u00c2MICA GRAVITA\u00c7\u00c3O EST\u00c1TICA \u00a0HIDROST\u00c1TICA Vestibulares recentes &#8211; 2013 a 2014 CINEM\u00c1TICA DIN\u00c2MICA GRAVITA\u00c7\u00c3O EST\u00c1TICA HIDROST\u00c1TICA<\/p>\n","protected":false},"author":1,"featured_media":0,"parent":3121,"menu_order":0,"comment_status":"closed","ping_status":"closed","template":"","meta":{"om_disable_all_campaigns":false,"_monsterinsights_skip_tracking":false,"_monsterinsights_sitenote_active":false,"_monsterinsights_sitenote_note":"","_monsterinsights_sitenote_category":0,"footnotes":""},"class_list":["post-3123","page","type-page","status-publish","hentry"],"aioseo_notices":[],"_links":{"self":[{"href":"https:\/\/fisicaevestibular.com.br\/novo\/wp-json\/wp\/v2\/pages\/3123","targetHints":{"allow":["GET"]}}],"collection":[{"href":"https:\/\/fisicaevestibular.com.br\/novo\/wp-json\/wp\/v2\/pages"}],"about":[{"href":"https:\/\/fisicaevestibular.com.br\/novo\/wp-json\/wp\/v2\/types\/page"}],"author":[{"embeddable":true,"href":"https:\/\/fisicaevestibular.com.br\/novo\/wp-json\/wp\/v2\/users\/1"}],"replies":[{"embeddable":true,"href":"https:\/\/fisicaevestibular.com.br\/novo\/wp-json\/wp\/v2\/comments?post=3123"}],"version-history":[{"count":12,"href":"https:\/\/fisicaevestibular.com.br\/novo\/wp-json\/wp\/v2\/pages\/3123\/revisions"}],"predecessor-version":[{"id":5449,"href":"https:\/\/fisicaevestibular.com.br\/novo\/wp-json\/wp\/v2\/pages\/3123\/revisions\/5449"}],"up":[{"embeddable":true,"href":"https:\/\/fisicaevestibular.com.br\/novo\/wp-json\/wp\/v2\/pages\/3121"}],"wp:attachment":[{"href":"https:\/\/fisicaevestibular.com.br\/novo\/wp-json\/wp\/v2\/media?parent=3123"}],"curies":[{"name":"wp","href":"https:\/\/api.w.org\/{rel}","templated":true}]}}