{"id":2841,"date":"2017-04-12T04:42:56","date_gmt":"2017-04-12T04:42:56","guid":{"rendered":"http:\/\/fisicaevestibular.com.br\/novo\/?page_id=2841"},"modified":"2024-09-03T14:38:21","modified_gmt":"2024-09-03T14:38:21","slug":"resolucao-comentada-ifmg-2017","status":"publish","type":"page","link":"https:\/\/fisicaevestibular.com.br\/novo\/universidades-2017\/ifmg-2017\/resolucao-comentada-ifmg-2017\/","title":{"rendered":"Resolu\u00e7\u00e3o comentada IFMG 2017"},"content":{"rendered":"<p align=\"CENTER\"><span style=\"color: #0000ff;\"><span style=\"font-family: Arial,serif;\"><span style=\"font-size: medium;\"><b>Respostas<\/b><\/span><\/span><\/span><\/p>\n<p><span style=\"color: #0000ff;\"><span style=\"font-family: Arial,serif;\"><span style=\"font-size: medium;\"><b>01 &#8211; Na imagem abaixo n\u00f3s podemos observar um \u00edm\u00e3, nele <\/b><\/span><\/span><\/span><span style=\"color: #ff0000;\"><span style=\"font-family: Arial,serif;\"><span style=\"font-size: medium;\"><b>h\u00e1 dois polos magn\u00e9ticos diferentes<\/b><\/span><\/span><\/span><span style=\"color: #0000ff;\"><span style=\"font-family: Arial,serif;\"><span style=\"font-size: medium;\"><b> e a linha de campo pode ser tamb\u00e9m observada. Podemos perceber ent\u00e3o que <\/b><\/span><\/span><\/span><span style=\"color: #ff0000;\"><span style=\"font-family: Arial,serif;\"><span style=\"font-size: medium;\"><b>as linhas de campo magn\u00e9tico para polos opostos s\u00e3o iguais \u00e0 imagem do exerc\u00edcio, o mesmo acontece com os campos el\u00e9tricos<\/b><\/span><\/span><\/span><span style=\"color: #0000ff;\"><span style=\"font-family: Arial,serif;\"><span style=\"font-size: medium;\"><b>, originados por cargas el\u00e9tricas. Sendo assim, a <\/b><\/span><\/span><\/span><span style=\"color: #ff0000;\"><span style=\"font-family: Arial,serif;\"><span style=\"font-size: medium;\"><b>alternativa correta \u00e9 a A.<\/b><\/span><\/span><\/span><\/p>\n<p><img fetchpriority=\"high\" decoding=\"async\" src=\"http:\/\/fisicaevestibular.com.br\/novo\/wp-content\/uploads\/universidades-2017\/ifmg\/i_0272b9910db285f5_html_bc0b530b.png\" alt=\"\" width=\"770\" height=\"187\" name=\"Imagem 5\" align=\"BOTTOM\" border=\"0\" \/><\/p>\n<p><img decoding=\"async\" src=\"http:\/\/fisicaevestibular.com.br\/novo\/wp-content\/uploads\/universidades-2017\/ifmg\/i_0272b9910db285f5_html_c357ea63.jpg\" alt=\"\" width=\"384\" height=\"163\" name=\"Imagem 6\" align=\"BOTTOM\" border=\"0\" \/><\/p>\n<p>&nbsp;<\/p>\n<p>&nbsp;<\/p>\n<p><span style=\"color: #0000ff;\"><span style=\"font-family: Arial,serif;\"><span style=\"font-size: medium;\"><b>02 &#8211; Para resolver esse exerc\u00edcio precisaremos utilizar a <\/b><\/span><\/span><\/span><span style=\"color: #ff0000;\"><span style=\"font-family: Arial,serif;\"><span style=\"font-size: medium;\"><b>f\u00f3rmula da pot\u00eancia:<\/b><\/span><\/span><\/span><\/p>\n<p align=\"CENTER\"><img decoding=\"async\" src=\"http:\/\/fisicaevestibular.com.br\/novo\/wp-content\/uploads\/universidades-2017\/ifmg\/i_0272b9910db285f5_html_791e2c7a.gif\" alt=\"\" align=\"ABSMIDDLE\" hspace=\"8\" \/><\/p>\n<p><span style=\"color: #0000ff;\"><span style=\"font-family: Arial,serif;\"><span style=\"font-size: medium;\"><b>Onde:<\/b><\/span><\/span><\/span><\/p>\n<p><span style=\"color: #0000ff;\"><span style=\"font-family: Arial,serif;\"><span style=\"font-size: medium;\"><b>P \u00e9 a pot\u00eancia <\/b><\/span><\/span><\/span><\/p>\n<p><span style=\"color: #0000ff;\"><span style=\"font-family: Arial,serif;\"><span style=\"font-size: medium;\"><b>Q \u00e9 a quantidade de energia<\/b><\/span><\/span><\/span><\/p>\n<p><img decoding=\"async\" src=\"http:\/\/fisicaevestibular.com.br\/novo\/wp-content\/uploads\/universidades-2017\/ifmg\/i_0272b9910db285f5_html_c269782c.gif\" alt=\"\" align=\"ABSMIDDLE\" hspace=\"8\" \/> <span style=\"color: #0000ff;\"><span style=\"font-family: Arial,serif;\"><span style=\"font-size: medium;\"><b>\u00e9 a quantidade de tempo em que a energia foi consumida<\/b><\/span><\/span><\/span><\/p>\n<p>&nbsp;<\/p>\n<p>&nbsp;<\/p>\n<p><span style=\"color: #0000ff;\"><span style=\"font-family: Arial,serif;\"><span style=\"font-size: medium;\"><b>Bom, agora que j\u00e1 temos a equa\u00e7\u00e3o, precisamos primeiramente t<\/b><\/span><\/span><\/span><span style=\"color: #ff0000;\"><span style=\"font-family: Arial,serif;\"><span style=\"font-size: medium;\"><b>ransformar as unidades de medida para SI<\/b><\/span><\/span><\/span><span style=\"color: #0000ff;\"><span style=\"font-family: Arial,serif;\"><span style=\"font-size: medium;\"><b>. Sendo assim:<\/b><\/span><\/span><\/span><\/p>\n<p align=\"CENTER\"><span style=\"color: #ff0000;\"><span style=\"font-family: Arial,serif;\"><span style=\"font-size: medium;\"><b>1 cal = 4 J<\/b><\/span><\/span><\/span><\/p>\n<p align=\"CENTER\"><span style=\"color: #0000ff;\"><span style=\"font-family: Arial,serif;\"><span style=\"font-size: medium;\"><b>2500 Kcal = 2500.4 = 10000 KJ<\/b><\/span><\/span><\/span><\/p>\n<p><span style=\"color: #ff0000;\"><span style=\"font-family: Arial,serif;\"><span style=\"font-size: medium;\"><b>Como 1 K = 1000:<\/b><\/span><\/span><\/span><\/p>\n<p align=\"CENTER\"><span style=\"color: #0000ff;\"><span style=\"font-family: Arial,serif;\"><span style=\"font-size: medium;\"><b>10000.1000 = 10000000 = 1.10<\/b><\/span><\/span><\/span><span style=\"color: #0000ff;\"><sup><span style=\"font-family: Arial,serif;\"><span style=\"font-size: medium;\"><b>7<\/b><\/span><\/span><\/sup><\/span><span style=\"color: #0000ff;\"><span style=\"font-family: Arial,serif;\"><span style=\"font-size: medium;\"><b> J<\/b><\/span><\/span><\/span><\/p>\n<p><span style=\"color: #ff0000;\"><span style=\"font-family: Arial,serif;\"><span style=\"font-size: medium;\"><b>Em um minuto temos 60 s, em uma hora 60 minutos e um dia 24 horas:<\/b><\/span><\/span><\/span><\/p>\n<p align=\"CENTER\"><span style=\"color: #0000ff;\"><span style=\"font-family: Arial,serif;\"><span style=\"font-size: medium;\"><b>60.60.24 = 86400 segundos em um dia<\/b><\/span><\/span><\/span><\/p>\n<p><span style=\"color: #0000ff;\"><span style=\"font-family: Arial,serif;\"><span style=\"font-size: medium;\"><b>Substituindo na equa\u00e7\u00e3o:<\/b><\/span><\/span><\/span><\/p>\n<p align=\"CENTER\"><img decoding=\"async\" src=\"http:\/\/fisicaevestibular.com.br\/novo\/wp-content\/uploads\/universidades-2017\/ifmg\/i_0272b9910db285f5_html_39f82fc5.gif\" alt=\"\" align=\"ABSMIDDLE\" hspace=\"8\" \/><\/p>\n<p align=\"CENTER\"><img decoding=\"async\" src=\"http:\/\/fisicaevestibular.com.br\/novo\/wp-content\/uploads\/universidades-2017\/ifmg\/i_0272b9910db285f5_html_795cab46.gif\" alt=\"\" align=\"ABSMIDDLE\" hspace=\"8\" \/><\/p>\n<p><span style=\"color: #0000ff;\"><span style=\"font-family: Arial,serif;\"><span style=\"font-size: medium;\"><b>Aproximadamente uma <\/b><\/span><\/span><\/span><span style=\"color: #ff0000;\"><span style=\"font-family: Arial,serif;\"><span style=\"font-size: medium;\"><b>l\u00e2mpada de 120 W, alternativa C.<\/b><\/span><\/span><\/span><\/p>\n<p><span style=\"color: #0000ff;\"><span style=\"font-family: Arial,serif;\"><span style=\"font-size: medium;\"><b>03 \u2013 Vamos <\/b><\/span><\/span><\/span><span style=\"color: #ff0000;\"><span style=\"font-family: Arial,serif;\"><span style=\"font-size: medium;\"><b>analisar a for\u00e7a <\/b><\/span><\/span><\/span><span style=\"color: #0000ff;\"><span style=\"font-family: Arial,serif;\"><span style=\"font-size: medium;\"><b>primeiramente. De acordo com a <\/b><\/span><\/span><\/span><span style=\"color: #ff0000;\"><span style=\"font-family: Arial,serif;\"><span style=\"font-size: medium;\"><b>terceira lei de Newton<\/b><\/span><\/span><\/span><span style=\"color: #0000ff;\"><span style=\"font-family: Arial,serif;\"><span style=\"font-size: medium;\"><b>, toda <\/b><\/span><\/span><\/span><span style=\"color: #ff0000;\"><span style=\"font-family: Arial,serif;\"><span style=\"font-size: medium;\"><b>for\u00e7a exercida recebe de volta uma for\u00e7a de mesma intensidade, dire\u00e7\u00e3o, por\u00e9m com sentido oposto, <\/b><\/span><\/span><\/span><span style=\"color: #0000ff;\"><span style=\"font-family: Arial,serif;\"><span style=\"font-size: medium;\"><b>sendo assim quando Carlos aplica a for\u00e7a ele <\/b><\/span><\/span><\/span><span style=\"color: #ff0000;\"><span style=\"font-family: Arial,serif;\"><span style=\"font-size: medium;\"><b>recebe de volta uma outra for\u00e7a de mesma intensidade.<\/b><\/span><\/span><\/span><span style=\"color: #0000ff;\"><span style=\"font-family: Arial,serif;\"><span style=\"font-size: medium;\"><b> Agora que analisamos a for\u00e7a, precisamos <\/b><\/span><\/span><\/span><span style=\"color: #ff0000;\"><span style=\"font-family: Arial,serif;\"><span style=\"font-size: medium;\"><b>analisar a acelera\u00e7\u00e3o:<\/b><\/span><\/span><\/span><\/p>\n<p align=\"CENTER\"><img decoding=\"async\" src=\"http:\/\/fisicaevestibular.com.br\/novo\/wp-content\/uploads\/universidades-2017\/ifmg\/i_0272b9910db285f5_html_ccd5c411.gif\" alt=\"\" align=\"ABSMIDDLE\" hspace=\"8\" \/><\/p>\n<p><span style=\"color: #0000ff;\"><span style=\"font-family: Arial,serif;\"><span style=\"font-size: medium;\"><b>Aonde:<\/b><\/span><\/span><\/span><\/p>\n<p><span style=\"color: #0000ff;\"><span style=\"font-family: Arial,serif;\"><span style=\"font-size: medium;\"><b>F<\/b><\/span><\/span><\/span><span style=\"color: #0000ff;\"><sub><span style=\"font-family: Arial,serif;\"><span style=\"font-size: medium;\"><b>R<\/b><\/span><\/span><\/sub><\/span><span style=\"color: #0000ff;\"><span style=\"font-family: Arial,serif;\"><span style=\"font-size: medium;\"><b> \u00e9 a for\u00e7a resultante<\/b><\/span><\/span><\/span><\/p>\n<p><span style=\"color: #0000ff;\"><span style=\"font-family: Arial,serif;\"><span style=\"font-size: medium;\"><b>m \u00e9 a massa<\/b><\/span><\/span><\/span><\/p>\n<p><span style=\"color: #0000ff;\"><span style=\"font-family: Arial,serif;\"><span style=\"font-size: medium;\"><b>a \u00e9 a acelera\u00e7\u00e3o<\/b><\/span><\/span><\/span><\/p>\n<p><span style=\"color: #0000ff;\"><span style=\"font-family: Arial,serif;\"><span style=\"font-size: medium;\"><b>Pela f\u00f3rmula podemos concluir que <\/b><\/span><\/span><\/span><span style=\"color: #ff0000;\"><span style=\"font-family: Arial,serif;\"><span style=\"font-size: medium;\"><b>quanto maior a massa, menor a acelera\u00e7\u00e3o,<\/b><\/span><\/span><\/span><span style=\"color: #0000ff;\"><span style=\"font-family: Arial,serif;\"><span style=\"font-size: medium;\"><b> com isso a <\/b><\/span><\/span><\/span><span style=\"color: #ff0000;\"><span style=\"font-family: Arial,serif;\"><span style=\"font-size: medium;\"><b>acelera\u00e7\u00e3o da Daniela \u00e9 maior que a de Carlos. Alternativa C.<\/b><\/span><\/span><\/span><\/p>\n<p><span style=\"color: #0000ff;\"><span style=\"font-family: Arial,serif;\"><span style=\"font-size: medium;\"><b>04 \u2013 Nesse exerc\u00edcio <\/b><\/span><\/span><\/span><span style=\"color: #ff0000;\"><span style=\"font-family: Arial,serif;\"><span style=\"font-size: medium;\"><b>a \u00fanica for\u00e7a que \u00e9 exercida em ambas as bolas \u00e9 a for\u00e7a peso<\/b><\/span><\/span><\/span><span style=\"color: #0000ff;\"><span style=\"font-family: Arial,serif;\"><span style=\"font-size: medium;\"><b>, sendo assim ambas <\/b><\/span><\/span><\/span><span style=\"color: #ff0000;\"><span style=\"font-family: Arial,serif;\"><span style=\"font-size: medium;\"><b>as bolas experimentam a mesma acelera\u00e7\u00e3o ao cair do pr\u00e9dio<\/b><\/span><\/span><\/span><span style=\"color: #0000ff;\"><span style=\"font-family: Arial,serif;\"><span style=\"font-size: medium;\"><b>, como ambas <\/b><\/span><\/span><\/span><span style=\"color: #ff0000;\"><span style=\"font-family: Arial,serif;\"><span style=\"font-size: medium;\"><b>t\u00eam a mesma acelera\u00e7\u00e3o<\/b><\/span><\/span><\/span><span style=\"color: #0000ff;\"><span style=\"font-family: Arial,serif;\"><span style=\"font-size: medium;\"><b> o seu <\/b><\/span><\/span><\/span><span style=\"color: #ff0000;\"><span style=\"font-family: Arial,serif;\"><span style=\"font-size: medium;\"><b>tempo de queda \u00e9 exatamente o mesmo. Alternativa A.<\/b><\/span><\/span><\/span><\/p>\n<p>&nbsp;<\/p>\n<p><span style=\"color: #0000ff;\"><span style=\"font-family: Arial,serif;\"><span style=\"font-size: medium;\"><b>05 \u2013 De acordo com a <\/b><\/span><\/span><\/span><span style=\"color: #ff0000;\"><span style=\"font-family: Arial,serif;\"><span style=\"font-size: medium;\"><b>primeira lei de Kepler<\/b><\/span><\/span><\/span><span style=\"color: #0000ff;\"><span style=\"font-family: Arial,serif;\"><span style=\"font-size: medium;\"><b> as <\/b><\/span><\/span><\/span><span style=\"color: #ff0000;\"><span style=\"font-family: Arial,serif;\"><span style=\"font-size: medium;\"><b>\u00f3rbitas s\u00e3o el\u00edpticas ao redor do sol, sendo que o sol est\u00e1 localizado em um dos focos. Alternativa B.<\/b><\/span><\/span><\/span><\/p>\n<p><span style=\"color: #0000ff;\"><span style=\"font-family: Arial,serif;\"><span style=\"font-size: medium;\"><b>No caso de A, <\/b><\/span><\/span><\/span><span style=\"color: #ff0000;\"><span style=\"font-family: Arial,serif;\"><span style=\"font-size: medium;\"><b>a velocidade do planeta aumenta quando o corpo se aproxima do sol.<\/b><\/span><\/span><\/span><\/p>\n<p><span style=\"color: #0000ff;\"><span style=\"font-family: Arial,serif;\"><span style=\"font-size: medium;\"><b>No caso de C e D, <\/b><\/span><\/span><\/span><span style=\"color: #ff0000;\"><span style=\"font-family: Arial,serif;\"><span style=\"font-size: medium;\"><b>o per\u00edodo de transla\u00e7\u00e3o s\u00f3 depende da dist\u00e2ncia entre o planeta e o sol<\/b><\/span><\/span><\/span><span style=\"color: #0000ff;\"><span style=\"font-family: Arial,serif;\"><span style=\"font-size: medium;\"><b>.<\/b><\/span><\/span><\/span><\/p>\n<p><span style=\"color: #0000ff;\"><span style=\"font-family: Arial,serif;\"><span style=\"font-size: medium;\"><b>06 \u2013 Vamos pensar em todas as alternativas:<\/b><\/span><\/span><\/span><\/p>\n<p><span style=\"color: #0000ff;\"><span style=\"font-family: Arial,serif;\"><span style=\"font-size: medium;\"><b>No caso de A <\/b><\/span><\/span><\/span><span style=\"color: #ff0000;\"><span style=\"font-family: Arial,serif;\"><span style=\"font-size: medium;\"><b>h\u00e1 uma refra\u00e7\u00e3o<\/b><\/span><\/span><\/span><span style=\"color: #0000ff;\"><span style=\"font-family: Arial,serif;\"><span style=\"font-size: medium;\"><b>, pois <\/b><\/span><\/span><\/span><span style=\"color: #ff0000;\"><span style=\"font-family: Arial,serif;\"><span style=\"font-size: medium;\"><b>a luz passou de um ambiente para outro<\/b><\/span><\/span><\/span><span style=\"color: #0000ff;\"><span style=\"font-family: Arial,serif;\"><span style=\"font-size: medium;\"><b>, o que <\/b><\/span><\/span><\/span><span style=\"color: #ff0000;\"><span style=\"font-family: Arial,serif;\"><span style=\"font-size: medium;\"><b>n\u00e3o muda \u00e9 o \u00e2ngulo de refra\u00e7\u00e3o.<\/b><\/span><\/span><\/span><\/p>\n<p><span style=\"color: #ff0000;\"><span style=\"font-family: Arial,serif;\"><span style=\"font-size: medium;\"><b>Em B o \u00e2ngulo \u00e9 de 0\u00b0, <\/b><\/span><\/span><\/span><span style=\"color: #0000ff;\"><span style=\"font-family: Arial,serif;\"><span style=\"font-size: medium;\"><b>pois est\u00e1 <\/b><\/span><\/span><\/span><span style=\"color: #ff0000;\"><span style=\"font-family: Arial,serif;\"><span style=\"font-size: medium;\"><b>localizado em cima do eixo normal.<\/b><\/span><\/span><\/span><\/p>\n<p><span style=\"color: #ff0000;\"><span style=\"font-family: Arial,serif;\"><span style=\"font-size: medium;\"><b>Na alternativa C, a frequ\u00eancia n\u00e3o muda<\/b><\/span><\/span><\/span><span style=\"color: #0000ff;\"><span style=\"font-family: Arial,serif;\"><span style=\"font-size: medium;\"><b> quando se troca de ambiente, <\/b><\/span><\/span><\/span><span style=\"color: #ff0000;\"><span style=\"font-family: Arial,serif;\"><span style=\"font-size: medium;\"><b>a velocidade se altera<\/b><\/span><\/span><\/span><span style=\"color: #0000ff;\"><span style=\"font-family: Arial,serif;\"><span style=\"font-size: medium;\"><b>. Sendo assim, <\/b><\/span><\/span><\/span><span style=\"color: #ff0000;\"><span style=\"font-family: Arial,serif;\"><span style=\"font-size: medium;\"><b>a alternativa D \u00e9 a correta<\/b><\/span><\/span><\/span><span style=\"color: #0000ff;\"><span style=\"font-family: Arial,serif;\"><span style=\"font-size: medium;\"><b>, pois q<\/b><\/span><\/span><\/span><span style=\"color: #ff0000;\"><span style=\"font-family: Arial,serif;\"><span style=\"font-size: medium;\"><b>uando se modifica a velocidade de propaga\u00e7\u00e3o o comprimento de onda tamb\u00e9m se altera,<\/b><\/span><\/span><\/span><span style=\"color: #0000ff;\"><span style=\"font-family: Arial,serif;\"><span style=\"font-size: medium;\"><b> basta analisar a f\u00f3rmula abaixo:<\/b><\/span><\/span><\/span><\/p>\n<p align=\"CENTER\"><img decoding=\"async\" src=\"http:\/\/fisicaevestibular.com.br\/novo\/wp-content\/uploads\/universidades-2017\/ifmg\/i_0272b9910db285f5_html_c9f1e354.gif\" alt=\"\" align=\"ABSMIDDLE\" hspace=\"8\" \/><\/p>\n<p><a name=\"_GoBack\"><\/a><span style=\"color: #0000ff;\"><span style=\"font-family: Arial,serif;\"><span style=\"font-size: medium;\"><b>Onde:<\/b><\/span><\/span><\/span><\/p>\n<p><span style=\"color: #0000ff;\"><span style=\"font-family: Arial,serif;\"><span style=\"font-size: medium;\"><b>V \u00e9 a velocidade de propaga\u00e7\u00e3o<\/b><\/span><\/span><\/span><\/p>\n<p><img decoding=\"async\" src=\"http:\/\/fisicaevestibular.com.br\/novo\/wp-content\/uploads\/universidades-2017\/ifmg\/i_0272b9910db285f5_html_e65d85fd.gif\" alt=\"\" align=\"ABSMIDDLE\" hspace=\"8\" \/> <span style=\"color: #0000ff;\"><span style=\"font-family: Arial,serif;\"><span style=\"font-size: medium;\"><b>\u00e9 o comprimento de onda<\/b><\/span><\/span><\/span><\/p>\n<p><span style=\"color: #0000ff;\"><span style=\"font-family: Arial,serif;\"><span style=\"font-size: medium;\"><b>f \u00e9 a frequ\u00eancia<\/b><\/span><\/span><\/span><\/p>\n<p>&nbsp;<\/p>\n<h3><span style=\"color: #000080;\"><a style=\"color: #000080;\" title=\"IFMG 2017\" href=\"http:\/\/fisicaevestibular.com.br\/novo\/universidades-2017\/ifmg-2017\/\">Voltar para os exerc\u00edcios<\/a><\/span><\/h3>\n","protected":false},"excerpt":{"rendered":"<p>Respostas 01 &#8211; Na imagem abaixo n\u00f3s podemos observar um \u00edm\u00e3, nele h\u00e1 dois polos magn\u00e9ticos diferentes e a linha de campo pode ser tamb\u00e9m observada. Podemos perceber ent\u00e3o que as linhas de campo magn\u00e9tico para polos opostos s\u00e3o iguais \u00e0 imagem do exerc\u00edcio, o mesmo acontece com os campos el\u00e9tricos, originados por cargas el\u00e9tricas. Sendo assim, a alternativa correta<\/p>\n","protected":false},"author":1,"featured_media":0,"parent":2838,"menu_order":0,"comment_status":"closed","ping_status":"closed","template":"","meta":{"om_disable_all_campaigns":false,"_monsterinsights_skip_tracking":false,"_monsterinsights_sitenote_active":false,"_monsterinsights_sitenote_note":"","_monsterinsights_sitenote_category":0,"footnotes":""},"class_list":["post-2841","page","type-page","status-publish","hentry"],"aioseo_notices":[],"_links":{"self":[{"href":"https:\/\/fisicaevestibular.com.br\/novo\/wp-json\/wp\/v2\/pages\/2841","targetHints":{"allow":["GET"]}}],"collection":[{"href":"https:\/\/fisicaevestibular.com.br\/novo\/wp-json\/wp\/v2\/pages"}],"about":[{"href":"https:\/\/fisicaevestibular.com.br\/novo\/wp-json\/wp\/v2\/types\/page"}],"author":[{"embeddable":true,"href":"https:\/\/fisicaevestibular.com.br\/novo\/wp-json\/wp\/v2\/users\/1"}],"replies":[{"embeddable":true,"href":"https:\/\/fisicaevestibular.com.br\/novo\/wp-json\/wp\/v2\/comments?post=2841"}],"version-history":[{"count":1,"href":"https:\/\/fisicaevestibular.com.br\/novo\/wp-json\/wp\/v2\/pages\/2841\/revisions"}],"predecessor-version":[{"id":2842,"href":"https:\/\/fisicaevestibular.com.br\/novo\/wp-json\/wp\/v2\/pages\/2841\/revisions\/2842"}],"up":[{"embeddable":true,"href":"https:\/\/fisicaevestibular.com.br\/novo\/wp-json\/wp\/v2\/pages\/2838"}],"wp:attachment":[{"href":"https:\/\/fisicaevestibular.com.br\/novo\/wp-json\/wp\/v2\/media?parent=2841"}],"curies":[{"name":"wp","href":"https:\/\/api.w.org\/{rel}","templated":true}]}}