{"id":1419,"date":"2015-10-07T02:05:24","date_gmt":"2015-10-07T02:05:24","guid":{"rendered":"http:\/\/fisicaevestibular.com.br\/novo\/?page_id=1419"},"modified":"2024-09-03T13:26:26","modified_gmt":"2024-09-03T13:26:26","slug":"universidades-2016","status":"publish","type":"page","link":"https:\/\/fisicaevestibular.com.br\/novo\/universidades-2016\/","title":{"rendered":"Universidades 2016"},"content":{"rendered":"<p><img fetchpriority=\"high\" decoding=\"async\" class=\"aligncenter\" title=\"Fisica e Vestibular - Universidades\" src=\"http:\/\/fisicaevestibular.com.br\/images\/logo_uni.png\" alt=\"\" width=\"579\" height=\"179\" \/><\/p>\n<p style=\"text-align: center;\">Confira a resolu\u00e7\u00e3o dos vestibulares 2016. As Resolu\u00e7\u00f5es est\u00e3o separadas por Estado<\/p>\n<table>\n<tbody>\n<tr>\n<td colspan=\"4\">\n<h3 style=\"text-align: center;\">S\u00e3o Paulo<\/h3>\n<\/td>\n<\/tr>\n<tr>\n<td colspan=\"4\">\n<p><div id=\"attachment_2115\" style=\"width: 210px\" class=\"wp-caption aligncenter\"><a title=\"Enem 2015\" href=\"http:\/\/fisicaevestibular.com.br\/novo\/universidades-2016\/enem-2015\/\"><img decoding=\"async\" aria-describedby=\"caption-attachment-2115\" class=\"wp-image-2115 size-full\" src=\"http:\/\/fisicaevestibular.com.br\/novo\/wp-content\/uploads\/2015\/10\/Mudanc\u0327as-no-Enem-2015-e1460516570601.png\" alt=\"\" width=\"200\" height=\"106\" \/><\/a><p id=\"caption-attachment-2115\" class=\"wp-caption-text\">Enem 2015<\/p><\/div><\/td>\n<\/tr>\n<tr>\n<td>\n<p><div id=\"attachment_404\" style=\"width: 160px\" class=\"wp-caption alignnone\"><a title=\"Unicamp 2016\" href=\"http:\/\/fisicaevestibular.com.br\/novo\/universidades-2016\/unicamp-2016\/\"><img decoding=\"async\" aria-describedby=\"caption-attachment-404\" class=\"wp-image-404 size-thumbnail\" src=\"http:\/\/fisicaevestibular.com.br\/novo\/wp-content\/uploads\/2014\/11\/Logo_Unicamp-150x150.jpg\" alt=\"Unicamp\" width=\"150\" height=\"150\" srcset=\"https:\/\/fisicaevestibular.com.br\/novo\/wp-content\/uploads\/2014\/11\/Logo_Unicamp-150x150.jpg 150w, https:\/\/fisicaevestibular.com.br\/novo\/wp-content\/uploads\/2014\/11\/Logo_Unicamp-90x90.jpg 90w, https:\/\/fisicaevestibular.com.br\/novo\/wp-content\/uploads\/2014\/11\/Logo_Unicamp-75x75.jpg 75w\" sizes=\"(max-width: 150px) 100vw, 150px\" \/><\/a><p id=\"caption-attachment-404\" class=\"wp-caption-text\">Unicamp<\/p><\/div><\/td>\n<td>\n<p><div id=\"attachment_92\" style=\"width: 104px\" class=\"wp-caption aligncenter\"><a title=\"AFA \u2013 2015\/2016\" href=\"http:\/\/fisicaevestibular.com.br\/novo\/universidades-2016\/afa-20152016\/\"><img loading=\"lazy\" decoding=\"async\" aria-describedby=\"caption-attachment-92\" class=\"wp-image-92 size-full\" src=\"http:\/\/fisicaevestibular.com.br\/novo\/wp-content\/uploads\/2014\/11\/logo_afa-e1421291232124.gif\" alt=\"Resolu\u00e7\u00e3o da AFA 2015\" width=\"94\" height=\"120\" \/><\/a><p id=\"caption-attachment-92\" class=\"wp-caption-text\">AFA<\/p><\/div><\/td>\n<td>\n<p><div id=\"attachment_1618\" style=\"width: 160px\" class=\"wp-caption aligncenter\"><a title=\"USCS 2016 \u2013 Medicina\" href=\"http:\/\/fisicaevestibular.com.br\/novo\/universidades-2016\/uscs-2016-medicina\/\"><img loading=\"lazy\" decoding=\"async\" aria-describedby=\"caption-attachment-1618\" class=\"wp-image-1618 size-thumbnail\" src=\"http:\/\/fisicaevestibular.com.br\/novo\/wp-content\/uploads\/2015\/10\/uscs-150x150.jpg\" alt=\"USCS - Medicina\" width=\"150\" height=\"150\" \/><\/a><p id=\"caption-attachment-1618\" class=\"wp-caption-text\">USCS &#8211; Medicina<\/p><\/div><\/td>\n<td>\n<p><div id=\"attachment_1627\" style=\"width: 149px\" class=\"wp-caption aligncenter\"><a title=\"Albert Einstein \u2013 Enfermagem e Medicina \u2013 2016\" href=\"http:\/\/fisicaevestibular.com.br\/novo\/universidades-2016\/albert-einstein-enfermagem-e-medicina-2016\/\"><img loading=\"lazy\" decoding=\"async\" aria-describedby=\"caption-attachment-1627\" class=\"wp-image-1627 size-full\" src=\"http:\/\/fisicaevestibular.com.br\/novo\/wp-content\/uploads\/2015\/10\/alberteinstein-e1449069454134.jpg\" alt=\"Albert Einstein\" width=\"139\" height=\"83\" \/><\/a><p id=\"caption-attachment-1627\" class=\"wp-caption-text\">Albert Einstein<\/p><\/div><\/td>\n<\/tr>\n<tr>\n<td>\n<p><div id=\"attachment_241\" style=\"width: 160px\" class=\"wp-caption alignnone\"><a title=\"Unesp \u2013 Primeira fase \u2013 2016\" href=\"http:\/\/fisicaevestibular.com.br\/novo\/universidades-2016\/unesp-primeira-fase-2016\/\"><img loading=\"lazy\" decoding=\"async\" aria-describedby=\"caption-attachment-241\" class=\"wp-image-241 size-thumbnail\" src=\"http:\/\/fisicaevestibular.com.br\/novo\/wp-content\/uploads\/2014\/11\/unesp-150x150.png\" alt=\"UNESP\" width=\"150\" height=\"150\" srcset=\"https:\/\/fisicaevestibular.com.br\/novo\/wp-content\/uploads\/2014\/11\/unesp-150x150.png 150w, https:\/\/fisicaevestibular.com.br\/novo\/wp-content\/uploads\/2014\/11\/unesp-90x90.png 90w, https:\/\/fisicaevestibular.com.br\/novo\/wp-content\/uploads\/2014\/11\/unesp-75x75.png 75w\" sizes=\"(max-width: 150px) 100vw, 150px\" \/><\/a><p id=\"caption-attachment-241\" class=\"wp-caption-text\">Unesp<\/p><\/div><\/td>\n<td>\n<p><div id=\"attachment_456\" style=\"width: 190px\" class=\"wp-caption alignnone\"><a title=\"Unifesp 2016\" href=\"http:\/\/fisicaevestibular.com.br\/novo\/universidades-2016\/unifesp-2016\/\"><img loading=\"lazy\" decoding=\"async\" aria-describedby=\"caption-attachment-456\" class=\"wp-image-456 size-full\" src=\"http:\/\/fisicaevestibular.com.br\/novo\/wp-content\/uploads\/2014\/11\/marca_unifesp_nova-e1423931520479.jpg\" alt=\"Unifesp\" width=\"180\" height=\"104\" \/><\/a><p id=\"caption-attachment-456\" class=\"wp-caption-text\">Unifesp<\/p><\/div><\/td>\n<td>\n<p><div id=\"attachment_391\" style=\"width: 170px\" class=\"wp-caption alignnone\"><a title=\"Fuvest 2016\" href=\"http:\/\/fisicaevestibular.com.br\/novo\/universidades-2016\/fuvest-2016\/\"><img loading=\"lazy\" decoding=\"async\" aria-describedby=\"caption-attachment-391\" class=\"wp-image-391 size-full\" src=\"http:\/\/fisicaevestibular.com.br\/novo\/wp-content\/uploads\/2014\/11\/508_2500_1_3199_1283_60851-e1421291104612.jpg\" alt=\"FUVEST - USP\" width=\"160\" height=\"104\" \/><\/a><p id=\"caption-attachment-391\" class=\"wp-caption-text\">FUVEST &#8211; USP<\/p><\/div><\/td>\n<td>\n<p><div id=\"attachment_274\" style=\"width: 93px\" class=\"wp-caption aligncenter\"><a title=\"PUC 2016\" href=\"http:\/\/fisicaevestibular.com.br\/novo\/universidades-2016\/puc-2016\/\"><img loading=\"lazy\" decoding=\"async\" aria-describedby=\"caption-attachment-274\" class=\"wp-image-274 size-full\" src=\"http:\/\/fisicaevestibular.com.br\/novo\/wp-content\/uploads\/2014\/11\/PUC-logo-e1421291274364.jpg\" alt=\"\" width=\"83\" height=\"120\" \/><\/a><p id=\"caption-attachment-274\" class=\"wp-caption-text\">PUC SP<\/p><\/div><\/td>\n<\/tr>\n<tr>\n<td>\n<p><div id=\"attachment_464\" style=\"width: 160px\" class=\"wp-caption aligncenter\"><a title=\"FMABC 2016\" href=\"http:\/\/fisicaevestibular.com.br\/novo\/universidades-2016\/fmabc-2016\/\"><img loading=\"lazy\" decoding=\"async\" aria-describedby=\"caption-attachment-464\" class=\"wp-image-464 size-thumbnail\" src=\"http:\/\/fisicaevestibular.com.br\/novo\/wp-content\/uploads\/2014\/11\/fmabc-150x150.png\" alt=\"FMABC\" width=\"150\" height=\"150\" srcset=\"https:\/\/fisicaevestibular.com.br\/novo\/wp-content\/uploads\/2014\/11\/fmabc-150x150.png 150w, https:\/\/fisicaevestibular.com.br\/novo\/wp-content\/uploads\/2014\/11\/fmabc-90x90.png 90w, https:\/\/fisicaevestibular.com.br\/novo\/wp-content\/uploads\/2014\/11\/fmabc-75x75.png 75w, https:\/\/fisicaevestibular.com.br\/novo\/wp-content\/uploads\/2014\/11\/fmabc.png 200w\" sizes=\"(max-width: 150px) 100vw, 150px\" \/><\/a><p id=\"caption-attachment-464\" class=\"wp-caption-text\">FMABC<\/p><\/div><\/td>\n<td>\n<p><div id=\"attachment_436\" style=\"width: 190px\" class=\"wp-caption aligncenter\"><a title=\"Mackenzie 2016\" href=\"http:\/\/fisicaevestibular.com.br\/novo\/universidades-2016\/mackenzie-2016\/\"><img loading=\"lazy\" decoding=\"async\" aria-describedby=\"caption-attachment-436\" class=\"wp-image-436 size-full\" src=\"http:\/\/fisicaevestibular.com.br\/novo\/wp-content\/uploads\/2014\/11\/logo_mackenzie-e1423621812976.jpg\" alt=\"Mackenzie\" width=\"180\" height=\"95\" \/><\/a><p id=\"caption-attachment-436\" class=\"wp-caption-text\">Mackenzie<\/p><\/div><\/td>\n<td><\/td>\n<td><\/td>\n<\/tr>\n<\/tbody>\n<\/table>\n<table>\n<tbody>\n<tr>\n<td colspan=\"4\">\n<h3 style=\"text-align: center;\">Rio de Janeiro<\/h3>\n<\/td>\n<\/tr>\n<tr>\n<td colspan=\"4\">\n<p><div id=\"attachment_2115\" style=\"width: 210px\" class=\"wp-caption aligncenter\"><a title=\"Enem 2015\" href=\"http:\/\/fisicaevestibular.com.br\/novo\/universidades-2016\/enem-2015\/\"><img decoding=\"async\" aria-describedby=\"caption-attachment-2115\" class=\"wp-image-2115 size-full\" src=\"http:\/\/fisicaevestibular.com.br\/novo\/wp-content\/uploads\/2015\/10\/Mudanc\u0327as-no-Enem-2015-e1460516570601.png\" alt=\"\" width=\"200\" height=\"106\" \/><\/a><p id=\"caption-attachment-2115\" class=\"wp-caption-text\">Enem 2015<\/p><\/div><\/td>\n<\/tr>\n<tr>\n<td>\n<p><div id=\"attachment_51\" style=\"width: 89px\" class=\"wp-caption aligncenter\"><a title=\"Col\u00e9gio Naval \u2013 2015\/2016\" href=\"http:\/\/fisicaevestibular.com.br\/novo\/universidades-2016\/colegio-naval-20152016\/\"><img loading=\"lazy\" decoding=\"async\" aria-describedby=\"caption-attachment-51\" class=\"wp-image-51 size-full\" src=\"http:\/\/fisicaevestibular.com.br\/novo\/wp-content\/uploads\/2014\/11\/colegio_naval-e1421291390176.png\" alt=\"colegio_naval\" width=\"79\" height=\"119\" \/><\/a><p id=\"caption-attachment-51\" class=\"wp-caption-text\">Col\u00e9gio Naval<\/p><\/div><\/td>\n<td>\n<p><div style=\"width: 126px\" class=\"wp-caption aligncenter\"><a title=\"Escola Naval 2015\/2016\" href=\"http:\/\/fisicaevestibular.com.br\/novo\/universidades-2016\/escola-naval\/\"><img loading=\"lazy\" decoding=\"async\" src=\"http:\/\/fisicaevestibular.com.br\/Universidades2014\/escola-naval-2014\/i_719c690ca430990c_html_m59187b60.jpg\" alt=\"\" width=\"116\" height=\"148\" \/><\/a><p class=\"wp-caption-text\">Escola Naval<\/p><\/div><\/td>\n<td>\n<p><div id=\"attachment_262\" style=\"width: 131px\" class=\"wp-caption aligncenter\"><a title=\"UERJ 2016\" href=\"http:\/\/fisicaevestibular.com.br\/novo\/universidades-2016\/uerj-2016\/\"><img loading=\"lazy\" decoding=\"async\" aria-describedby=\"caption-attachment-262\" class=\"wp-image-262 size-full\" src=\"http:\/\/fisicaevestibular.com.br\/novo\/wp-content\/uploads\/2014\/11\/logouerj-e1421291437425.jpg\" alt=\"\" width=\"121\" height=\"120\" srcset=\"https:\/\/fisicaevestibular.com.br\/novo\/wp-content\/uploads\/2014\/11\/logouerj-e1421291437425.jpg 121w, https:\/\/fisicaevestibular.com.br\/novo\/wp-content\/uploads\/2014\/11\/logouerj-e1421291437425-90x90.jpg 90w, https:\/\/fisicaevestibular.com.br\/novo\/wp-content\/uploads\/2014\/11\/logouerj-e1421291437425-75x75.jpg 75w\" sizes=\"(max-width: 121px) 100vw, 121px\" \/><\/a><p id=\"caption-attachment-262\" class=\"wp-caption-text\">UERJ<\/p><\/div><\/td>\n<td>\n<p><div id=\"attachment_641\" style=\"width: 170px\" class=\"wp-caption alignnone\"><a title=\"PUC-RJ 2016\" href=\"http:\/\/fisicaevestibular.com.br\/novo\/universidades-2016\/puc-rj-2016\/\"><img loading=\"lazy\" decoding=\"async\" aria-describedby=\"caption-attachment-641\" class=\"wp-image-641 size-full\" src=\"http:\/\/fisicaevestibular.com.br\/novo\/wp-content\/uploads\/2014\/11\/pucrio1-e1428849431933.gif\" alt=\"PUC RJ\" width=\"160\" height=\"160\" \/><\/a><p id=\"caption-attachment-641\" class=\"wp-caption-text\">PUC RJ<\/p><\/div><\/td>\n<\/tr>\n<\/tbody>\n<\/table>\n<table>\n<tbody>\n<tr>\n<td colspan=\"4\">\n<h3 style=\"text-align: center;\">Santa Catarina<\/h3>\n<\/td>\n<\/tr>\n<tr>\n<td colspan=\"4\">\n<p><div id=\"attachment_2115\" style=\"width: 210px\" class=\"wp-caption aligncenter\"><a title=\"Enem 2015\" href=\"http:\/\/fisicaevestibular.com.br\/novo\/universidades-2016\/enem-2015\/\"><img decoding=\"async\" aria-describedby=\"caption-attachment-2115\" class=\"wp-image-2115 size-full\" src=\"http:\/\/fisicaevestibular.com.br\/novo\/wp-content\/uploads\/2015\/10\/Mudanc\u0327as-no-Enem-2015-e1460516570601.png\" alt=\"\" width=\"200\" height=\"106\" \/><\/a><p id=\"caption-attachment-2115\" class=\"wp-caption-text\">Enem 2015<\/p><\/div><\/td>\n<\/tr>\n<tr>\n<td><\/td>\n<td>\n<p><div id=\"attachment_784\" style=\"width: 160px\" class=\"wp-caption alignnone\"><a title=\"UDESC 2016\" href=\"http:\/\/fisicaevestibular.com.br\/novo\/universidades-2016\/udesc-2016\/\"><img loading=\"lazy\" decoding=\"async\" aria-describedby=\"caption-attachment-784\" class=\"wp-image-784\" src=\"http:\/\/fisicaevestibular.com.br\/novo\/wp-content\/uploads\/2014\/11\/UDESC-300x128.png\" alt=\"UDESC\" width=\"150\" height=\"64\" srcset=\"https:\/\/fisicaevestibular.com.br\/novo\/wp-content\/uploads\/2014\/11\/UDESC-300x128.png 300w, https:\/\/fisicaevestibular.com.br\/novo\/wp-content\/uploads\/2014\/11\/UDESC.png 361w\" sizes=\"(max-width: 150px) 100vw, 150px\" \/><\/a><p id=\"caption-attachment-784\" class=\"wp-caption-text\">UDESC<\/p><\/div><\/td>\n<td>\n<p><div id=\"attachment_788\" style=\"width: 160px\" class=\"wp-caption aligncenter\"><a title=\"UFSC 2016\" href=\"http:\/\/fisicaevestibular.com.br\/novo\/universidades-2016\/ufsc-2016\/\"><img loading=\"lazy\" decoding=\"async\" aria-describedby=\"caption-attachment-788\" class=\"wp-image-788 size-thumbnail\" src=\"http:\/\/fisicaevestibular.com.br\/novo\/wp-content\/uploads\/2014\/11\/ufsc2-150x150.jpg\" alt=\"UFSC\" width=\"150\" height=\"150\" srcset=\"https:\/\/fisicaevestibular.com.br\/novo\/wp-content\/uploads\/2014\/11\/ufsc2-150x150.jpg 150w, https:\/\/fisicaevestibular.com.br\/novo\/wp-content\/uploads\/2014\/11\/ufsc2.jpg 300w, https:\/\/fisicaevestibular.com.br\/novo\/wp-content\/uploads\/2014\/11\/ufsc2-90x90.jpg 90w, https:\/\/fisicaevestibular.com.br\/novo\/wp-content\/uploads\/2014\/11\/ufsc2-75x75.jpg 75w\" sizes=\"(max-width: 150px) 100vw, 150px\" \/><\/a><p id=\"caption-attachment-788\" class=\"wp-caption-text\">UFSC<\/p><\/div><\/td>\n<td><\/td>\n<\/tr>\n<\/tbody>\n<\/table>\n<p>&nbsp;<\/p>\n<table>\n<tbody>\n<tr>\n<td colspan=\"4\">\n<h3 style=\"text-align: center;\">Cear\u00e1<\/h3>\n<\/td>\n<\/tr>\n<tr>\n<td colspan=\"4\">\n<p><div id=\"attachment_2115\" style=\"width: 210px\" class=\"wp-caption aligncenter\"><a title=\"Enem 2015\" href=\"http:\/\/fisicaevestibular.com.br\/novo\/universidades-2016\/enem-2015\/\"><img decoding=\"async\" aria-describedby=\"caption-attachment-2115\" class=\"wp-image-2115 size-full\" src=\"http:\/\/fisicaevestibular.com.br\/novo\/wp-content\/uploads\/2015\/10\/Mudanc\u0327as-no-Enem-2015-e1460516570601.png\" alt=\"\" width=\"200\" height=\"106\" \/><\/a><p id=\"caption-attachment-2115\" class=\"wp-caption-text\">Enem 2015<\/p><\/div><\/td>\n<\/tr>\n<tr>\n<td>\n<p><div id=\"attachment_906\" style=\"width: 160px\" class=\"wp-caption alignnone\"><a title=\"UECE 2016\" href=\"http:\/\/fisicaevestibular.com.br\/novo\/universidades-2016\/uece-2016\/\"><img loading=\"lazy\" decoding=\"async\" aria-describedby=\"caption-attachment-906\" class=\"wp-image-906 size-full\" src=\"http:\/\/fisicaevestibular.com.br\/novo\/wp-content\/uploads\/2014\/11\/uece-e1435536436962.png\" alt=\"UECE\" width=\"150\" height=\"157\" \/><\/a><p id=\"caption-attachment-906\" class=\"wp-caption-text\">UECE<\/p><\/div><\/td>\n<td><\/td>\n<td><\/td>\n<td><\/td>\n<\/tr>\n<\/tbody>\n<\/table>\n<p>&nbsp;<\/p>\n","protected":false},"excerpt":{"rendered":"<p>Confira a resolu\u00e7\u00e3o dos vestibulares 2016. As Resolu\u00e7\u00f5es est\u00e3o separadas por Estado S\u00e3o Paulo Rio de Janeiro Santa Catarina &nbsp; Cear\u00e1 &nbsp;<\/p>\n","protected":false},"author":1,"featured_media":0,"parent":0,"menu_order":0,"comment_status":"closed","ping_status":"closed","template":"","meta":{"om_disable_all_campaigns":false,"_monsterinsights_skip_tracking":false,"_monsterinsights_sitenote_active":false,"_monsterinsights_sitenote_note":"","_monsterinsights_sitenote_category":0,"footnotes":""},"class_list":["post-1419","page","type-page","status-publish","hentry"],"aioseo_notices":[],"_links":{"self":[{"href":"https:\/\/fisicaevestibular.com.br\/novo\/wp-json\/wp\/v2\/pages\/1419","targetHints":{"allow":["GET"]}}],"collection":[{"href":"https:\/\/fisicaevestibular.com.br\/novo\/wp-json\/wp\/v2\/pages"}],"about":[{"href":"https:\/\/fisicaevestibular.com.br\/novo\/wp-json\/wp\/v2\/types\/page"}],"author":[{"embeddable":true,"href":"https:\/\/fisicaevestibular.com.br\/novo\/wp-json\/wp\/v2\/users\/1"}],"replies":[{"embeddable":true,"href":"https:\/\/fisicaevestibular.com.br\/novo\/wp-json\/wp\/v2\/comments?post=1419"}],"version-history":[{"count":27,"href":"https:\/\/fisicaevestibular.com.br\/novo\/wp-json\/wp\/v2\/pages\/1419\/revisions"}],"predecessor-version":[{"id":2341,"href":"https:\/\/fisicaevestibular.com.br\/novo\/wp-json\/wp\/v2\/pages\/1419\/revisions\/2341"}],"wp:attachment":[{"href":"https:\/\/fisicaevestibular.com.br\/novo\/wp-json\/wp\/v2\/media?parent=1419"}],"curies":[{"name":"wp","href":"https:\/\/api.w.org\/{rel}","templated":true}]}}