{"id":139,"date":"2014-11-20T18:12:01","date_gmt":"2014-11-20T18:12:01","guid":{"rendered":"http:\/\/fisicaevestibular.com.br\/novo\/?page_id=139"},"modified":"2024-04-03T13:00:15","modified_gmt":"2024-04-03T13:00:15","slug":"cinematica","status":"publish","type":"page","link":"https:\/\/fisicaevestibular.com.br\/novo\/mecanica\/cinematica\/","title":{"rendered":"Cinem\u00e1tica"},"content":{"rendered":"<p><img fetchpriority=\"high\" decoding=\"async\" class=\"aligncenter\" src=\"http:\/\/fisicaevestibular.com.br\/images\/logo_cin.png\" alt=\"\" width=\"579\" height=\"179\" border=\"0\" \/><\/p>\n<p style=\"text-align: center;\">Analisa os diversos tipos de movimentos nos diferentes tipos de trajet\u00f3rias e suas caracter\u00edsticas de natureza escalar e vetorial, sem se preocupar com suas causas, suas propriedades gerais e suas leis e a composi\u00e7\u00e3o dos movimentos.<\/p>\n<table id=\"table10\" border=\"0\" width=\"100%\">\n<tbody>\n<tr>\n<td align=\"left\" width=\"25%\" height=\"50\">\n<h3><span style=\"font-size: small; color: #003366;\"><a style=\"color: #003366;\" title=\"Conceitos e defini\u00e7\u00f5es \u2013 movimento e repouso\" href=\"https:\/\/fisicaevestibular.com.br\/novo\/conceitos-e-definicoes-movimento-e-repouso\/\"> Conceitos e defini\u00e7\u00f5es &#8211; movimento e repouso<\/a><\/span><\/h3>\n<\/td>\n<td align=\"left\" width=\"25%\" height=\"50\">\n<h3><a title=\"Velocidade escalar m\u00e9dia e ultrapassagens\" href=\"http:\/\/fisicaevestibular.com.br\/novo\/mecanica\/cinematica\/velocidade-escalar-media-e-ultrapassagens\/\"><span style=\"color: #003366;\"><b><span style=\"font-size: small;\">Velocidade escalar m\u00e9dia e ultrapassagens<\/span><\/b><\/span><\/a><\/h3>\n<\/td>\n<td align=\"right\" width=\"25%\" height=\"50\">\n<h3><span style=\"color: #003366; font-size: small;\"> <a style=\"color: #003366;\" title=\"Movimento uniforme e encontro de m\u00f3veis em MU\" href=\"http:\/\/fisicaevestibular.com.br\/novo\/mecanica\/cinematica\/movimento-uniforme-e-encontro-de-moveis-em-mu\/\">Movimento uniforme e encontro de m\u00f3veis em MU<\/a><\/span><\/h3>\n<\/td>\n<td align=\"right\" width=\"25%\" height=\"50\">\n<h3><span style=\"color: #003366;\"><b><span style=\"font-size: small;\"> <a style=\"color: #003366;\" href=\"http:\/\/fisicaevestibular.com.br\/cinematica4.htm\">Gr\u00e1ficos de um MU<\/a><\/span><\/b><\/span><\/h3>\n<\/td>\n<\/tr>\n<tr>\n<td align=\"left\" width=\"25%\" height=\"50\">\n<h3><span style=\"color: #003366; font-size: small;\"> <a style=\"color: #003366;\" href=\"http:\/\/fisicaevestibular.com.br\/cinematica5.htm\">Acelera\u00e7\u00e3o escalar m\u00e9dia<\/a><\/span><\/h3>\n<\/td>\n<td align=\"left\" width=\"25%\" height=\"50\">\n<h3><span style=\"color: #003366;\"><b><span style=\"font-size: small;\"><a style=\"color: #003366;\" href=\"http:\/\/fisicaevestibular.com.br\/cinematica6.htm\">Movimento uniformemente variado, fun\u00e7\u00e3o hor\u00e1ria da velocidade e gr\u00e1fico hor\u00e1rio da velocidade<\/a><\/span><\/b><\/span><\/h3>\n<\/td>\n<td align=\"right\" width=\"25%\" height=\"50\">\n<h3><span style=\"color: #003366;\"><b><span style=\"font-size: small;\"> <a style=\"color: #003366;\" href=\"http:\/\/fisicaevestibular.com.br\/cinematica7.htm\">Fun\u00e7\u00e3o hor\u00e1ria do espa\u00e7o de um MUV e equa\u00e7\u00e3o de Torricelli<\/a><\/span><\/b><\/span><\/h3>\n<\/td>\n<td align=\"right\" width=\"25%\" height=\"50\">\n<h3><span style=\"color: #003366;\"><b><span style=\"font-size: small;\"><a style=\"color: #003366;\" href=\"http:\/\/fisicaevestibular.com.br\/cinematica8.htm\">Gr\u00e1ficos no movimento uniformemente variado (MUV)<\/a><\/span><\/b><\/span><\/h3>\n<\/td>\n<\/tr>\n<tr>\n<td align=\"left\" width=\"25%\" height=\"50\">\n<h3><span style=\"color: #000080;\"><b><span style=\"font-size: small;\"><a style=\"color: #000080;\" href=\"https:\/\/fisicaevestibular.com.br\/novo\/formulario\/cinematica-7-lancamento-vertical-para-cima\/\">Lan\u00e7amento vertical para cima<\/a><\/span><\/b><\/span><\/h3>\n<\/td>\n<td align=\"left\" width=\"25%\" height=\"50\">\n<h3><a href=\"https:\/\/fisicaevestibular.com.br\/novo\/formulario\/cinematica-8-queda-livre-vertical\/\"><span style=\"color: #003366;\"><b><span style=\"font-size: small;\">Queda livre<\/span><\/b><\/span><\/a><\/h3>\n<\/td>\n<td align=\"right\" width=\"25%\" height=\"50\">\n<h3><span style=\"color: #003366;\"><b><span style=\"font-size: small;\"> <a style=\"color: #003366;\" href=\"http:\/\/fisicaevestibular.com.br\/cinematica11.htm\">Vetores<\/a><\/span><\/b><\/span><\/h3>\n<\/td>\n<td align=\"right\" width=\"25%\" height=\"50\">\n<h3><span style=\"color: #003366; font-size: small;\"><b> <a style=\"color: #003366;\" href=\"http:\/\/fisicaevestibular.com.br\/cinematica12.htm\">Lan\u00e7amento obl\u00edquo<\/a><\/b><\/span><\/h3>\n<\/td>\n<\/tr>\n<tr>\n<td align=\"left\" width=\"25%\" height=\"50\">\n<h3><span style=\"color: #003366;\"><b><span style=\"font-size: small;\"><a style=\"color: #003366;\" href=\"http:\/\/fisicaevestibular.com.br\/cinematica13.htm\">Lan\u00e7amento horizontal<\/a><\/span><\/b><\/span><\/h3>\n<\/td>\n<td align=\"left\" width=\"25%\" height=\"50\">\n<h3><span style=\"color: #003366;\"><b><span style=\"font-size: small;\"> <a style=\"color: #003366;\" href=\"http:\/\/fisicaevestibular.com.br\/cinematica14.htm\">Composi\u00e7\u00e3o de movimentos<\/a><\/span><\/b><\/span><\/h3>\n<\/td>\n<td align=\"right\" width=\"25%\" height=\"50\">\n<h3><span style=\"color: #003366;\"><b><span style=\"font-size: small;\"><a style=\"color: #003366;\" href=\"http:\/\/fisicaevestibular.com.br\/cinematica15.htm\">Cinem\u00e1tica vetorial<\/a><\/span><\/b><\/span><\/h3>\n<\/td>\n<td align=\"right\" width=\"25%\" height=\"50\">\n<h3><span style=\"color: #003366;\"><b><span style=\"font-size: small;\"><a style=\"color: #003366;\" href=\"http:\/\/fisicaevestibular.com.br\/cinematica16.htm\">Movimento circular<\/a><\/span><\/b><\/span><\/h3>\n<\/td>\n<\/tr>\n<\/tbody>\n<\/table>\n","protected":false},"excerpt":{"rendered":"<p>Analisa os diversos tipos de movimentos nos diferentes tipos de trajet\u00f3rias e suas caracter\u00edsticas de natureza escalar e vetorial, sem se preocupar com suas causas, suas propriedades gerais e suas leis e a composi\u00e7\u00e3o dos movimentos. Conceitos e defini\u00e7\u00f5es &#8211; movimento e repouso Velocidade escalar m\u00e9dia e ultrapassagens Movimento uniforme e encontro de m\u00f3veis em MU Gr\u00e1ficos de um MU<\/p>\n","protected":false},"author":1,"featured_media":0,"parent":95,"menu_order":0,"comment_status":"closed","ping_status":"closed","template":"","meta":{"om_disable_all_campaigns":false,"_monsterinsights_skip_tracking":false,"_monsterinsights_sitenote_active":false,"_monsterinsights_sitenote_note":"","_monsterinsights_sitenote_category":0,"footnotes":""},"class_list":["post-139","page","type-page","status-publish","hentry"],"aioseo_notices":[],"_links":{"self":[{"href":"https:\/\/fisicaevestibular.com.br\/novo\/wp-json\/wp\/v2\/pages\/139","targetHints":{"allow":["GET"]}}],"collection":[{"href":"https:\/\/fisicaevestibular.com.br\/novo\/wp-json\/wp\/v2\/pages"}],"about":[{"href":"https:\/\/fisicaevestibular.com.br\/novo\/wp-json\/wp\/v2\/types\/page"}],"author":[{"embeddable":true,"href":"https:\/\/fisicaevestibular.com.br\/novo\/wp-json\/wp\/v2\/users\/1"}],"replies":[{"embeddable":true,"href":"https:\/\/fisicaevestibular.com.br\/novo\/wp-json\/wp\/v2\/comments?post=139"}],"version-history":[{"count":7,"href":"https:\/\/fisicaevestibular.com.br\/novo\/wp-json\/wp\/v2\/pages\/139\/revisions"}],"predecessor-version":[{"id":9457,"href":"https:\/\/fisicaevestibular.com.br\/novo\/wp-json\/wp\/v2\/pages\/139\/revisions\/9457"}],"up":[{"embeddable":true,"href":"https:\/\/fisicaevestibular.com.br\/novo\/wp-json\/wp\/v2\/pages\/95"}],"wp:attachment":[{"href":"https:\/\/fisicaevestibular.com.br\/novo\/wp-json\/wp\/v2\/media?parent=139"}],"curies":[{"name":"wp","href":"https:\/\/api.w.org\/{rel}","templated":true}]}}