{"id":101,"date":"2014-11-20T01:37:47","date_gmt":"2014-11-20T01:37:47","guid":{"rendered":"http:\/\/fisicaevestibular.com.br\/novo\/?page_id=101"},"modified":"2024-09-02T13:34:39","modified_gmt":"2024-09-02T13:34:39","slug":"optica","status":"publish","type":"page","link":"https:\/\/fisicaevestibular.com.br\/novo\/optica\/","title":{"rendered":"\u00d3ptica"},"content":{"rendered":"<p><img fetchpriority=\"high\" decoding=\"async\" class=\"aligncenter\" src=\"http:\/\/fisicaevestibular.com.br\/images\/logo_opt.png\" alt=\"\" width=\"579\" height=\"179\" border=\"0\" \/><\/p>\n<p style=\"text-align: center;\">Luz, propaga\u00e7\u00e3o, energia luminosa e a natureza da luz<\/p>\n<table id=\"table10\" width=\"100%\" align=\"center\">\n<tbody>\n<tr>\n<td style=\"text-align: center;\" align=\"left\">\n<h3><span style=\"color: #003366;\"><b><a style=\"color: #003366;\" href=\"http:\/\/fisicaevestibular.com.br\/geometrica.html\">\u00d3ptica geom\u00e9trica<\/a><\/b><\/span><\/h3>\n<\/td>\n<td style=\"text-align: center;\" align=\"right\">\n<h3><span style=\"color: #003366;\"><b><a style=\"color: #003366;\" href=\"http:\/\/fisicaevestibular.com.br\/fisiologica.html\">\u00d3ptica fisiol\u00f3gica<\/a><\/b><\/span><\/h3>\n<\/td>\n<\/tr>\n<\/tbody>\n<\/table>\n","protected":false},"excerpt":{"rendered":"<p>Luz, propaga\u00e7\u00e3o, energia luminosa e a natureza da luz \u00d3ptica geom\u00e9trica \u00d3ptica fisiol\u00f3gica<\/p>\n","protected":false},"author":1,"featured_media":0,"parent":0,"menu_order":0,"comment_status":"closed","ping_status":"closed","template":"","meta":{"om_disable_all_campaigns":false,"_monsterinsights_skip_tracking":false,"_monsterinsights_sitenote_active":false,"_monsterinsights_sitenote_note":"","_monsterinsights_sitenote_category":0,"footnotes":""},"class_list":["post-101","page","type-page","status-publish","hentry"],"aioseo_notices":[],"_links":{"self":[{"href":"https:\/\/fisicaevestibular.com.br\/novo\/wp-json\/wp\/v2\/pages\/101","targetHints":{"allow":["GET"]}}],"collection":[{"href":"https:\/\/fisicaevestibular.com.br\/novo\/wp-json\/wp\/v2\/pages"}],"about":[{"href":"https:\/\/fisicaevestibular.com.br\/novo\/wp-json\/wp\/v2\/types\/page"}],"author":[{"embeddable":true,"href":"https:\/\/fisicaevestibular.com.br\/novo\/wp-json\/wp\/v2\/users\/1"}],"replies":[{"embeddable":true,"href":"https:\/\/fisicaevestibular.com.br\/novo\/wp-json\/wp\/v2\/comments?post=101"}],"version-history":[{"count":2,"href":"https:\/\/fisicaevestibular.com.br\/novo\/wp-json\/wp\/v2\/pages\/101\/revisions"}],"predecessor-version":[{"id":104,"href":"https:\/\/fisicaevestibular.com.br\/novo\/wp-json\/wp\/v2\/pages\/101\/revisions\/104"}],"wp:attachment":[{"href":"https:\/\/fisicaevestibular.com.br\/novo\/wp-json\/wp\/v2\/media?parent=101"}],"curies":[{"name":"wp","href":"https:\/\/api.w.org\/{rel}","templated":true}]}}